CRAN Package Check Results for Package RcppGSL

Last updated on 2019-08-19 22:47:14 CEST.

Flavor Version Tinstall Tcheck Ttotal Status Flags
r-devel-linux-x86_64-debian-clang 0.3.6 26.53 131.19 157.72 OK
r-devel-linux-x86_64-debian-gcc 0.3.6 16.65 93.76 110.41 OK
r-devel-linux-x86_64-fedora-clang 0.3.6 219.01 WARN
r-devel-linux-x86_64-fedora-gcc 0.3.6 205.48 WARN
r-devel-windows-ix86+x86_64 0.3.6 103.00 299.00 402.00 OK
r-patched-linux-x86_64 0.3.6 18.53 117.32 135.85 OK
r-patched-solaris-x86 0.3.6 190.20 OK
r-release-linux-x86_64 0.3.6 19.08 116.85 135.93 OK
r-release-windows-ix86+x86_64 0.3.6 50.00 251.00 301.00 OK
r-release-osx-x86_64 0.3.6 OK
r-oldrel-windows-ix86+x86_64 0.3.6 105.00 304.00 409.00 OK
r-oldrel-osx-x86_64 0.3.6 OK

Check Details

Version: 0.3.6
Check: re-building of vignette outputs
Result: WARN
    Error(s) in re-building vignettes:
    --- re-building ‘RcppGSL-intro.Rmd’ using rmarkdown
    tlmgr search --file --global '/tikzlibrarytopaths.code.tex'
    Trying to automatically install missing LaTeX packages...
    tlmgr install pgf
    tlmgr: package repository http://anorien.csc.warwick.ac.uk/mirrors/CTAN/systems/texlive/tlnet (verified)
    tlmgr install: package already present: pgf
    tlmgr path add
    add_link_dir_dir: /usr/local/share/info/dir exists; not making symlink.
    tlmgr search --file --global '/tikzlibrarytopaths.code.tex'
    ! LaTeX Error: Missing \begin{document}.
    
    Error: processing vignette 'RcppGSL-intro.Rmd' failed with diagnostics:
    Failed to compile RcppGSL-intro.tex. See https://yihui.name/tinytex/r/#debugging for debugging tips. See RcppGSL-intro.log for more info.
    --- failed re-building ‘RcppGSL-intro.Rmd’
    
    --- re-building ‘RcppGSL-unitTests.Rnw’ using Sweave
    Loading required package: RcppGSL
Flavors: r-devel-linux-x86_64-fedora-clang, r-devel-linux-x86_64-fedora-gcc