CRAN Package Check Results for Package RcppMLPACK

Last updated on 2021-07-31 22:53:45 CEST.

Flavor Version Tinstall Tcheck Ttotal Status Flags
r-devel-linux-x86_64-debian-clang 1.0.10-7 506.14 35.98 542.12 OK
r-devel-linux-x86_64-debian-gcc 1.0.10-7 320.31 29.53 349.84 OK
r-devel-linux-x86_64-fedora-clang 1.0.10-7 797.47 NOTE
r-devel-linux-x86_64-fedora-gcc 1.0.10-7 673.39 OK
r-devel-windows-x86_64 1.0.10-7 387.00 70.00 457.00 NOTE
r-devel-windows-x86_64-gcc10-UCRT 1.0.10-7 OK
r-patched-linux-x86_64 1.0.10-7 OK
r-patched-solaris-x86 1.0.10-7 613.80 NOTE
r-release-linux-x86_64 1.0.10-7 391.48 36.04 427.52 OK
r-release-macos-arm64 1.0.10-7 WARN
r-release-macos-x86_64 1.0.10-7 WARN
r-release-windows-ix86+x86_64 1.0.10-7 1046.00 77.00 1123.00 NOTE
r-oldrel-macos-x86_64 1.0.10-7 WARN
r-oldrel-windows-ix86+x86_64 1.0.10-7 770.00 88.00 858.00 NOTE

Check Details

Version: 1.0.10-7
Check: installed package size
Result: NOTE
     installed size is 53.2Mb
     sub-directories of 1Mb or more:
     include 1.9Mb
     lib 39.5Mb
     libs 11.5Mb
Flavors: r-devel-linux-x86_64-fedora-clang, r-devel-windows-x86_64, r-patched-solaris-x86, r-release-macos-arm64, r-release-macos-x86_64, r-release-windows-ix86+x86_64, r-oldrel-macos-x86_64, r-oldrel-windows-ix86+x86_64

Version: 1.0.10-7
Check: whether package can be installed
Result: WARN
    Found the following significant warnings:
     WARNING: shared objects/dynamic libraries with hard-coded temporary installation paths
Flavors: r-release-macos-arm64, r-release-macos-x86_64, r-oldrel-macos-x86_64