Last updated on 2023-11-30 22:59:10 CET.
Flavor | Version | Tinstall | Tcheck | Ttotal | Status | Flags |
---|---|---|---|---|---|---|
r-devel-linux-x86_64-debian-clang | 1.1.2 | 305.76 | 270.98 | 576.74 | NOTE | |
r-devel-linux-x86_64-debian-gcc | 1.1.2 | 215.22 | 200.43 | 415.65 | NOTE | |
r-devel-linux-x86_64-fedora-clang | 1.1.2 | 816.78 | NOTE | |||
r-devel-linux-x86_64-fedora-gcc | 1.1.2 | 855.94 | NOTE | |||
r-devel-windows-x86_64 | 1.1.2 | 206.00 | 282.00 | 488.00 | NOTE | |
r-patched-linux-x86_64 | 1.1.2 | 180.21 | 262.36 | 442.57 | NOTE | |
r-release-linux-x86_64 | 1.1.2 | 194.72 | 258.90 | 453.62 | NOTE | |
r-release-macos-arm64 | 1.1.2 | 178.00 | NOTE | |||
r-release-macos-x86_64 | 1.1.2 | 334.00 | NOTE | |||
r-release-windows-x86_64 | 1.1.2 | 285.00 | 339.00 | 624.00 | NOTE | |
r-oldrel-macos-arm64 | 1.1.2 | 169.00 | NOTE | |||
r-oldrel-macos-x86_64 | 1.1.2 | 218.00 | NOTE | |||
r-oldrel-windows-x86_64 | 1.1.2 | 271.00 | 303.00 | 574.00 | NOTE |
Version: 1.1.2
Check: C++ specification
Result: NOTE
Specified C++11: please drop specification unless essential
Flavors: r-devel-linux-x86_64-debian-clang, r-devel-linux-x86_64-debian-gcc, r-devel-linux-x86_64-fedora-clang, r-devel-linux-x86_64-fedora-gcc, r-devel-windows-x86_64, r-patched-linux-x86_64, r-release-linux-x86_64, r-release-macos-arm64, r-release-macos-x86_64, r-release-windows-x86_64
Version: 1.1.2
Check: Rd files
Result: NOTE
checkRd: (-1) linear_RNDPROJ.Rd:45: Lost braces; missing escapes or markup?
45 | there is a linear map \eqn{f:R^N} to {R^n} such that
| ^
Flavors: r-devel-linux-x86_64-debian-clang, r-devel-linux-x86_64-debian-gcc
Version: 1.1.2
Check: installed package size
Result: NOTE
installed size is 5.2Mb
sub-directories of 1Mb or more:
data 1.7Mb
libs 1.6Mb
Flavors: r-devel-linux-x86_64-fedora-clang, r-devel-windows-x86_64, r-release-macos-arm64, r-release-macos-x86_64, r-release-windows-x86_64, r-oldrel-macos-arm64, r-oldrel-macos-x86_64, r-oldrel-windows-x86_64
Version: 1.1.2
Check: Rd cross-references
Result: NOTE
Undeclared package ‘Rtsne’ in Rd xrefs
Flavor: r-devel-linux-x86_64-fedora-clang