CRAN Package Check Results for Package Rdimtools

Last updated on 2021-05-16 22:50:03 CEST.

Flavor Version Tinstall Tcheck Ttotal Status Flags
r-devel-linux-x86_64-debian-clang 1.0.6 222.57 234.88 457.45 OK
r-devel-linux-x86_64-debian-gcc 1.0.6 184.42 176.22 360.64 OK
r-devel-linux-x86_64-fedora-clang 1.0.6 644.65 NOTE
r-devel-linux-x86_64-fedora-gcc 1.0.6 609.96 OK
r-devel-windows-ix86+x86_64 1.0.6 560.00 409.00 969.00 NOTE
r-devel-windows-x86_64-gcc10-UCRT 1.0.6 OK
r-patched-linux-x86_64 1.0.6 186.26 221.67 407.93 OK
r-patched-solaris-x86 1.0.6 603.30 OK
r-release-linux-x86_64 1.0.6 167.90 210.50 378.40 OK
r-release-macos-x86_64 1.0.6 NOTE
r-release-windows-ix86+x86_64 1.0.6 405.00 317.00 722.00 NOTE
r-oldrel-macos-x86_64 1.0.6 WARN
r-oldrel-windows-ix86+x86_64 1.0.6 491.00 405.00 896.00 NOTE

Check Details

Version: 1.0.6
Check: installed package size
Result: NOTE
     installed size is 19.9Mb
     sub-directories of 1Mb or more:
     libs 18.1Mb
Flavors: r-devel-linux-x86_64-fedora-clang, r-devel-windows-ix86+x86_64, r-release-macos-x86_64, r-release-windows-ix86+x86_64, r-oldrel-macos-x86_64, r-oldrel-windows-ix86+x86_64

Version: 1.0.6
Check: Rd cross-references
Result: NOTE
    Undeclared package ‘Rtsne’ in Rd xrefs
Flavor: r-devel-linux-x86_64-fedora-clang

Version: 1.0.6
Check: whether package can be installed
Result: WARN
    Found the following significant warnings:
     Warning: 'rgl.init' failed, running with 'rgl.useNULL = TRUE'.
Flavor: r-oldrel-macos-x86_64

Version: 1.0.6
Check: Rd files
Result: WARN
    prepare_Rd: RGL: unable to open X11 display
    prepare_Rd: 'rgl.init' failed, running with 'rgl.useNULL = TRUE'.
Flavor: r-oldrel-macos-x86_64