CRAN Package Check Results for Package Rdsdp

Last updated on 2021-09-23 22:56:05 CEST.

Flavor Version Tinstall Tcheck Ttotal Status Flags
r-devel-linux-x86_64-debian-clang 1.0.5 28.12 26.44 54.56 WARN
r-devel-linux-x86_64-debian-gcc 1.0.5 19.27 21.07 40.34 WARN
r-devel-linux-x86_64-fedora-clang 1.0.5 76.83 OK
r-devel-linux-x86_64-fedora-gcc 1.0.5 66.55 OK
r-devel-windows-x86_64 1.0.5 29.00 37.00 66.00 OK
r-devel-windows-x86_64-gcc10-UCRT 1.0.5 OK
r-patched-linux-x86_64 1.0.5 22.25 25.99 48.24 WARN
r-patched-solaris-x86 1.0.5 93.10 OK
r-release-linux-x86_64 1.0.5 21.93 25.89 47.82 WARN
r-release-macos-arm64 1.0.5 OK
r-release-macos-x86_64 1.0.5 OK
r-release-windows-ix86+x86_64 1.0.5 77.00 53.00 130.00 OK
r-oldrel-macos-x86_64 1.0.5 OK
r-oldrel-windows-ix86+x86_64 1.0.5 57.00 49.00 106.00 OK

Check Details

Version: 1.0.5
Check: top-level files
Result: WARN
     Output from running autoreconf:
     configure.ac:99: warning: AC_OUTPUT should be used without arguments.
     configure.ac:99: You should run autoupdate.
Flavors: r-devel-linux-x86_64-debian-clang, r-devel-linux-x86_64-debian-gcc, r-patched-linux-x86_64, r-release-linux-x86_64