Last updated on 2023-10-01 23:03:56 CEST.
Flavor | Version | Tinstall | Tcheck | Ttotal | Status | Flags |
---|---|---|---|---|---|---|
r-devel-linux-x86_64-debian-clang | 0.7.2 | 21.20 | 151.67 | 172.87 | OK | |
r-devel-linux-x86_64-debian-gcc | 0.7.2 | 17.20 | 108.86 | 126.06 | OK | |
r-devel-linux-x86_64-fedora-clang | 0.7.2 | 201.22 | OK | |||
r-devel-linux-x86_64-fedora-gcc | 0.7.2 | 218.00 | OK | |||
r-devel-windows-x86_64 | 0.7.2 | 17.00 | 124.00 | 141.00 | OK | |
r-patched-linux-x86_64 | 0.7.2 | 24.83 | 139.85 | 164.68 | OK | |
r-release-linux-x86_64 | 0.7.2 | 13.72 | 139.60 | 153.32 | OK | |
r-release-macos-arm64 | 0.7.2 | 55.00 | OK | |||
r-release-macos-x86_64 | 0.7.2 | 135.00 | ERROR | |||
r-release-windows-x86_64 | 0.7.2 | 27.00 | 146.00 | 173.00 | OK | |
r-oldrel-macos-arm64 | 0.7.2 | 58.00 | OK | |||
r-oldrel-macos-x86_64 | 0.7.2 | 81.00 | OK | |||
r-oldrel-windows-x86_64 | 0.7.2 | 24.00 | 144.00 | 168.00 | OK |
Version: 0.7.2
Check: re-building of vignette outputs
Result: ERROR
Error(s) in re-building vignettes:
...
--- re-building ‘ReDaMoR.Rmd’ using rmarkdown
Pandoc is required to build R Markdown vignettes but not available. Please make sure it is installed.
Quitting from lines 159-163 [unnamed-chunk-5] (ReDaMoR.Rmd)
Error: processing vignette 'ReDaMoR.Rmd' failed with diagnostics:
Failed to start chrome. Error:
--- failed re-building ‘ReDaMoR.Rmd’
SUMMARY: processing the following file failed:
‘ReDaMoR.Rmd’
Error: Vignette re-building failed.
Execution halted
Flavor: r-release-macos-x86_64