Last updated on 2023-09-25 22:12:48 CEST.
Flavor | Version | Tinstall | Tcheck | Ttotal | Status | Flags |
---|---|---|---|---|---|---|
r-devel-linux-x86_64-debian-clang | 3.4 | 20.72 | 191.43 | 212.15 | NOTE | |
r-devel-linux-x86_64-debian-gcc | 3.4 | 12.37 | 135.41 | 147.78 | NOTE | |
r-devel-linux-x86_64-fedora-clang | 3.4 | 252.67 | NOTE | |||
r-devel-linux-x86_64-fedora-gcc | 3.4 | 251.14 | NOTE | |||
r-devel-windows-x86_64 | 3.4 | 18.00 | 159.00 | 177.00 | NOTE | |
r-patched-linux-x86_64 | 3.4 | 21.83 | 180.00 | 201.83 | OK | |
r-release-linux-x86_64 | 3.4 | 18.21 | 181.32 | 199.53 | OK | |
r-release-macos-arm64 | 3.4 | 63.00 | OK | |||
r-release-macos-x86_64 | 3.4 | 168.00 | OK | |||
r-release-windows-x86_64 | 3.4 | 25.00 | 200.00 | 225.00 | OK | |
r-oldrel-macos-arm64 | 3.4 | 62.00 | OK | |||
r-oldrel-macos-x86_64 | 3.4 | 79.00 | OK | |||
r-oldrel-windows-x86_64 | 3.4 | 25.00 | 193.00 | 218.00 | OK |
Version: 3.4
Check: Rd metadata
Result: NOTE
Invalid package aliases in Rd file 'Renvlp.Rd':
‘Revnlp-package’
Flavors: r-devel-linux-x86_64-debian-clang, r-devel-linux-x86_64-debian-gcc, r-devel-linux-x86_64-fedora-clang, r-devel-linux-x86_64-fedora-gcc, r-devel-windows-x86_64