CRAN Package Check Results for Package RestRserve

Last updated on 2024-03-02 22:42:04 CET.

Flavor Version Tinstall Tcheck Ttotal Status Flags
r-devel-linux-x86_64-debian-clang 1.2.1 69.24 71.64 140.88 NOTE
r-devel-linux-x86_64-debian-gcc 1.2.1 55.52 54.26 109.78 NOTE
r-devel-linux-x86_64-fedora-clang 1.2.1 202.48 NOTE
r-devel-linux-x86_64-fedora-gcc 1.2.1 199.81 NOTE
r-devel-windows-x86_64 1.2.1 53.00 102.00 155.00 NOTE
r-patched-linux-x86_64 1.2.1 74.49 69.33 143.82 NOTE
r-release-linux-x86_64 1.2.1 65.13 68.92 134.05 NOTE
r-release-macos-arm64 1.2.1 65.00 NOTE
r-release-macos-x86_64 1.2.1 102.00 NOTE
r-release-windows-x86_64 1.2.1 57.00 119.00 176.00 NOTE
r-oldrel-macos-arm64 1.2.1 56.00 NOTE
r-oldrel-windows-x86_64 1.2.1 68.00 116.00 184.00 OK

Check Details

Version: 1.2.1
Check: C++ specification
Result: NOTE Specified C++11: please drop specification unless essential Flavors: r-devel-linux-x86_64-debian-clang, r-devel-linux-x86_64-debian-gcc, r-devel-linux-x86_64-fedora-clang, r-devel-linux-x86_64-fedora-gcc, r-devel-windows-x86_64, r-patched-linux-x86_64, r-release-linux-x86_64, r-release-macos-arm64, r-release-macos-x86_64, r-release-windows-x86_64

Version: 1.2.1
Check: installed package size
Result: NOTE installed size is 6.5Mb sub-directories of 1Mb or more: libs 3.6Mb swagger 1.4Mb Flavors: r-release-macos-arm64, r-release-macos-x86_64, r-oldrel-macos-arm64