CRAN Package Check Results for Package RestRserve

Last updated on 2025-01-23 22:50:01 CET.

Flavor Version Tinstall Tcheck Ttotal Status Flags
r-devel-linux-x86_64-debian-clang 1.2.3 55.77 58.05 113.82 OK
r-devel-linux-x86_64-debian-gcc 1.2.3 41.91 45.57 87.48 OK
r-devel-linux-x86_64-fedora-clang 1.2.3 208.41 OK
r-devel-linux-x86_64-fedora-gcc 1.2.3 223.93 OK
r-devel-windows-x86_64 1.2.3 58.00 104.00 162.00 OK
r-patched-linux-x86_64 1.2.3 57.46 55.49 112.95 OK
r-release-linux-x86_64 1.2.3 57.14 55.02 112.16 OK
r-release-macos-arm64 1.2.3 76.00 NOTE
r-release-macos-x86_64 1.2.3 76.00 NOTE
r-release-windows-x86_64 1.2.3 58.00 112.00 170.00 OK
r-oldrel-macos-arm64 1.2.3 70.00 NOTE
r-oldrel-macos-x86_64 1.2.3 134.00 NOTE
r-oldrel-windows-x86_64 1.2.3 63.00 117.00 180.00 OK

Check Details

Version: 1.2.3
Check: installed package size
Result: NOTE installed size is 6.3Mb sub-directories of 1Mb or more: libs 3.4Mb swagger 1.4Mb Flavors: r-release-macos-arm64, r-release-macos-x86_64, r-oldrel-macos-arm64, r-oldrel-macos-x86_64