CRAN Package Check Results for Package RevGadgets

Last updated on 2021-11-26 23:03:37 CET.

Flavor Version Tinstall Tcheck Ttotal Status Flags
r-devel-linux-x86_64-debian-clang 1.0.0 10.52 144.19 154.71 OK
r-devel-linux-x86_64-debian-gcc 1.0.0 9.44 107.35 116.79 OK
r-devel-linux-x86_64-fedora-clang 1.0.0 199.66 NOTE
r-devel-linux-x86_64-fedora-gcc 1.0.0 185.69 OK
r-devel-windows-x86_64-new-UL 1.0.0 27.00 193.00 220.00 OK
r-devel-windows-x86_64-new-TK 1.0.0 OK
r-devel-windows-x86_64-old 1.0.0 16.00 137.00 153.00 OK
r-patched-linux-x86_64 1.0.0 10.95 136.81 147.76 OK
r-patched-solaris-x86 1.0.0 233.80 OK
r-release-linux-x86_64 1.0.0 OK
r-release-macos-arm64 1.0.0 OK
r-release-macos-x86_64 1.0.0 OK
r-release-windows-ix86+x86_64 1.0.0 25.00 178.00 203.00 OK
r-oldrel-macos-x86_64 1.0.0 ERROR
r-oldrel-windows-ix86+x86_64 1.0.0 25.00 8.00 33.00 ERROR

Check Details

Version: 1.0.0
Check: Rd cross-references
Result: NOTE
    Undeclared package ‘phangorn’ in Rd xrefs
Flavor: r-devel-linux-x86_64-fedora-clang

Version: 1.0.0
Check: package dependencies
Result: ERROR
    Packages required but not available: 'ggtree', 'treeio', 'deeptime'
    
    See section ‘The DESCRIPTION file’ in the ‘Writing R Extensions’
    manual.
Flavor: r-oldrel-macos-x86_64

Version: 1.0.0
Check: package dependencies
Result: ERROR
    Package required and available but unsuitable version: 'ggtree'
    
    See section 'The DESCRIPTION file' in the 'Writing R Extensions'
    manual.
Flavor: r-oldrel-windows-ix86+x86_64