CRAN Package Check Results for Package Rexperigen

Last updated on 2024-07-18 22:50:03 CEST.

Flavor Version Tinstall Tcheck Ttotal Status Flags
r-devel-linux-x86_64-debian-clang 0.2.1 2.45 26.95 29.40 NOTE
r-devel-linux-x86_64-debian-gcc 0.2.1 1.77 20.21 21.98 NOTE
r-devel-linux-x86_64-fedora-clang 0.2.1 36.89 NOTE
r-devel-linux-x86_64-fedora-gcc 0.2.1 56.75 NOTE
r-devel-windows-x86_64 0.2.1 3.00 46.00 49.00 NOTE
r-patched-linux-x86_64 0.2.1 2.43 25.91 28.34 NOTE
r-release-linux-x86_64 0.2.1 2.01 24.68 26.69 NOTE
r-release-macos-arm64 0.2.1 29.00 NOTE
r-release-macos-x86_64 0.2.1 56.00 NOTE
r-release-windows-x86_64 0.2.1 4.00 47.00 51.00 NOTE
r-oldrel-macos-arm64 0.2.1 24.00 NOTE
r-oldrel-macos-x86_64 0.2.1 32.00 NOTE
r-oldrel-windows-x86_64 0.2.1 4.00 51.00 55.00 NOTE

Check Details

Version: 0.2.1
Check: LazyData
Result: NOTE 'LazyData' is specified without a 'data' directory Flavors: r-devel-linux-x86_64-debian-clang, r-devel-linux-x86_64-debian-gcc, r-devel-linux-x86_64-fedora-clang, r-devel-linux-x86_64-fedora-gcc, r-devel-windows-x86_64, r-patched-linux-x86_64, r-release-linux-x86_64, r-release-macos-arm64, r-release-macos-x86_64, r-release-windows-x86_64, r-oldrel-macos-arm64, r-oldrel-macos-x86_64, r-oldrel-windows-x86_64