CRAN Package Check Results for Package Rexperigen

Last updated on 2023-09-21 23:03:29 CEST.

Flavor Version Tinstall Tcheck Ttotal Status Flags
r-devel-linux-x86_64-debian-clang 0.2.1 2.51 25.90 28.41 NOTE
r-devel-linux-x86_64-debian-gcc 0.2.1 1.84 20.34 22.18 NOTE
r-devel-linux-x86_64-fedora-clang 0.2.1 35.09 NOTE
r-devel-linux-x86_64-fedora-gcc 0.2.1 55.89 NOTE
r-devel-windows-x86_64 0.2.1 4.00 48.00 52.00 NOTE
r-patched-linux-x86_64 0.2.1 2.21 25.46 27.67 NOTE
r-release-linux-x86_64 0.2.1 2.39 25.76 28.15 NOTE
r-release-macos-arm64 0.2.1 24.00 NOTE
r-release-macos-x86_64 0.2.1 32.00 NOTE
r-release-windows-x86_64 0.2.1 3.00 50.00 53.00 NOTE
r-oldrel-macos-arm64 0.2.1 32.00 NOTE
r-oldrel-macos-x86_64 0.2.1 32.00 NOTE
r-oldrel-windows-x86_64 0.2.1 5.00 79.00 84.00 NOTE

Check Details

Version: 0.2.1
Check: LazyData
Result: NOTE
     'LazyData' is specified without a 'data' directory
Flavors: r-devel-linux-x86_64-debian-clang, r-devel-linux-x86_64-debian-gcc, r-devel-linux-x86_64-fedora-clang, r-devel-linux-x86_64-fedora-gcc, r-devel-windows-x86_64, r-patched-linux-x86_64, r-release-linux-x86_64, r-release-macos-arm64, r-release-macos-x86_64, r-release-windows-x86_64, r-oldrel-macos-arm64, r-oldrel-macos-x86_64, r-oldrel-windows-x86_64