CRAN Package Check Results for Package Rfast2

Last updated on 2023-09-25 22:12:49 CEST.

Flavor Version Tinstall Tcheck Ttotal Status Flags
r-devel-linux-x86_64-debian-clang 0.1.5.1 609.02 83.29 692.31 OK
r-devel-linux-x86_64-debian-gcc 0.1.5.1 423.77 62.59 486.36 OK
r-devel-linux-x86_64-fedora-clang 0.1.5.1 992.32 OK
r-devel-linux-x86_64-fedora-gcc 0.1.5.1 1067.94 OK
r-devel-windows-x86_64 0.1.5.1 454.00 143.00 597.00 OK
r-patched-linux-x86_64 0.1.5.1 585.32 81.59 666.91 OK
r-release-linux-x86_64 0.1.5.1 608.07 83.22 691.29 OK
r-release-macos-arm64 0.1.5.1 179.00 NOTE
r-release-macos-x86_64 0.1.5.1 189.00 NOTE
r-release-windows-x86_64 0.1.5.1 589.00 156.00 745.00 OK
r-oldrel-macos-arm64 0.1.5.1 150.00 NOTE
r-oldrel-macos-x86_64 0.1.5.1 260.00 NOTE
r-oldrel-windows-x86_64 0.1.5.1 555.00 141.00 696.00 OK

Check Details

Version: 0.1.5.1
Check: installed package size
Result: NOTE
     installed size is 22.0Mb
     sub-directories of 1Mb or more:
     libs 21.2Mb
Flavors: r-release-macos-arm64, r-release-macos-x86_64, r-oldrel-macos-arm64, r-oldrel-macos-x86_64