CRAN Package Check Results for Package Rfit

Last updated on 2019-08-22 22:47:04 CEST.

Flavor Version Tinstall Tcheck Ttotal Status Flags
r-devel-linux-x86_64-debian-clang 0.23.0 3.52 27.83 31.35 OK
r-devel-linux-x86_64-debian-gcc 0.23.0 3.47 22.23 25.70 OK
r-devel-linux-x86_64-fedora-clang 0.23.0 40.03 NOTE
r-devel-linux-x86_64-fedora-gcc 0.23.0 36.78 NOTE
r-devel-windows-ix86+x86_64 0.23.0 31.00 81.00 112.00 OK
r-patched-linux-x86_64 0.23.0 3.97 27.82 31.79 OK
r-patched-solaris-x86 0.23.0 60.00 OK
r-release-linux-x86_64 0.23.0 4.02 27.61 31.63 OK
r-release-windows-ix86+x86_64 0.23.0 20.00 73.00 93.00 OK
r-release-osx-x86_64 0.23.0 OK
r-oldrel-windows-ix86+x86_64 0.23.0 14.00 65.00 79.00 OK
r-oldrel-osx-x86_64 0.23.0 OK

Check Details

Version: 0.23.0
Check: compiled code
Result: NOTE
    File ‘Rfit/libs/Rfit.so’:
     Found no calls to: ‘R_registerRoutines’, ‘R_useDynamicSymbols’
    
    It is good practice to register native routines and to disable symbol
    search.
    
    See ‘Writing portable packages’ in the ‘Writing R Extensions’ manual.
Flavors: r-devel-linux-x86_64-fedora-clang, r-devel-linux-x86_64-fedora-gcc