Last updated on 2024-04-23 22:55:34 CEST.
Flavor | Version | Tinstall | Tcheck | Ttotal | Status | Flags |
---|---|---|---|---|---|---|
r-devel-linux-x86_64-debian-clang | 0.1.1 | 3.70 | 27.83 | 31.53 | NOTE | |
r-devel-linux-x86_64-debian-gcc | 0.1.1 | 2.69 | 20.93 | 23.62 | NOTE | |
r-devel-linux-x86_64-fedora-clang | 0.1.1 | 40.03 | NOTE | |||
r-devel-linux-x86_64-fedora-gcc | 0.1.1 | 37.63 | NOTE | |||
r-prerel-macos-arm64 | 0.1.1 | 14.00 | NOTE | |||
r-prerel-windows-x86_64 | 0.1.1 | 4.00 | 37.00 | 41.00 | NOTE | |
r-patched-linux-x86_64 | 0.1.1 | 3.70 | 26.43 | 30.13 | NOTE | |
r-release-linux-x86_64 | 0.1.1 | 4.14 | 26.68 | 30.82 | NOTE | |
r-release-macos-arm64 | 0.1.1 | 15.00 | NOTE | |||
r-release-macos-x86_64 | 0.1.1 | 20.00 | NOTE | |||
r-release-windows-x86_64 | 0.1.1 | 6.00 | 39.00 | 45.00 | NOTE | |
r-oldrel-macos-arm64 | 0.1.1 | 15.00 | NOTE | |||
r-oldrel-windows-x86_64 | 0.1.1 | 7.00 | 45.00 | 52.00 | NOTE |
Version: 0.1.1
Check: LazyData
Result: NOTE
'LazyData' is specified without a 'data' directory
Flavors: r-devel-linux-x86_64-debian-clang, r-devel-linux-x86_64-debian-gcc, r-devel-linux-x86_64-fedora-clang, r-devel-linux-x86_64-fedora-gcc, r-prerel-macos-arm64, r-prerel-windows-x86_64, r-patched-linux-x86_64, r-release-linux-x86_64, r-release-macos-arm64, r-release-macos-x86_64, r-release-windows-x86_64, r-oldrel-macos-arm64, r-oldrel-windows-x86_64