CRAN Package Check Results for Package RiverLoad

Last updated on 2021-06-17 22:55:07 CEST.

Flavor Version Tinstall Tcheck Ttotal Status Flags
r-devel-linux-x86_64-debian-clang 1.0.2 12.13 82.70 94.83 OK
r-devel-linux-x86_64-debian-gcc 1.0.2 7.57 61.84 69.41 OK
r-devel-linux-x86_64-fedora-clang 1.0.2 122.65 OK
r-devel-linux-x86_64-fedora-gcc 1.0.2 108.03 OK
r-devel-windows-x86_64 1.0.2 17.00 81.00 98.00 OK
r-devel-windows-x86_64-gcc10-UCRT 1.0.2 OK
r-patched-linux-x86_64 1.0.2 11.52 77.02 88.54 OK
r-patched-solaris-x86 1.0.2 151.30 OK
r-release-linux-x86_64 1.0.2 9.12 77.63 86.75 OK
r-release-macos-arm64 1.0.2 OK
r-release-macos-x86_64 1.0.2 ERROR
r-release-windows-ix86+x86_64 1.0.2 22.00 105.00 127.00 OK
r-oldrel-macos-x86_64 1.0.2 ERROR
r-oldrel-windows-ix86+x86_64 1.0.2 15.00 119.00 134.00 OK

Check Details

Version: 1.0.2
Check: examples
Result: ERROR
    Running examples in ‘RiverLoad-Ex.R’ failed
    The error most likely occurred in:
    
    > ### Name: method4
    > ### Title: Load estimation with time-weighted concentration method
    > ### Aliases: method4
    > ### Keywords: univ
    >
    > ### ** Examples
    >
    > data("flow.data1", "conc.data1")
    > union<-db.union(flow.data1, conc.data1)
    > met4<-method4(union, 2)
    > met4.month<-method4(union, 2, "month")
    Error in x[[jj]][iseq] <- vjj : replacement has length zero
    Calls: method4 -> [<- -> [<-.data.frame
    Execution halted
Flavors: r-release-macos-x86_64, r-oldrel-macos-x86_64