CRAN Package Check Results for Package Rlgt

Last updated on 2021-10-16 22:53:04 CEST.

Flavor Version Tinstall Tcheck Ttotal Status Flags
r-devel-linux-x86_64-debian-clang 0.1-3 361.57 129.94 491.51 NOTE
r-devel-linux-x86_64-debian-gcc 0.1-3 292.30 113.32 405.62 NOTE
r-devel-linux-x86_64-fedora-clang 0.1-3 702.15 NOTE
r-devel-linux-x86_64-fedora-gcc 0.1-3 728.00 NOTE
r-devel-windows-x86_64 0.1-3 416.00 154.00 570.00 NOTE
r-devel-windows-x86_64-gcc10-UCRT 0.1-3 NOTE
r-patched-linux-x86_64 0.1-3 268.77 139.83 408.60 NOTE
r-patched-solaris-x86 0.1-3 692.50 NOTE
r-release-linux-x86_64 0.1-3 300.64 140.30 440.94 NOTE
r-release-macos-arm64 0.1-3 NOTE
r-release-macos-x86_64 0.1-3 NOTE
r-release-windows-ix86+x86_64 0.1-3 704.00 278.00 982.00 NOTE
r-oldrel-macos-x86_64 0.1-3 NOTE
r-oldrel-windows-ix86+x86_64 0.1-3 213.00 9.00 222.00 ERROR

Check Details

Version: 0.1-3
Check: for GNU extensions in Makefiles
Result: NOTE
    GNU make is a SystemRequirements.
Flavors: r-devel-linux-x86_64-debian-clang, r-devel-linux-x86_64-debian-gcc, r-devel-linux-x86_64-fedora-clang, r-devel-linux-x86_64-fedora-gcc, r-devel-windows-x86_64, r-devel-windows-x86_64-gcc10-UCRT, r-patched-linux-x86_64, r-patched-solaris-x86, r-release-linux-x86_64, r-release-macos-arm64, r-release-macos-x86_64, r-release-windows-ix86+x86_64, r-oldrel-macos-x86_64

Version: 0.1-3
Check: installed package size
Result: NOTE
     installed size is 49.7Mb
     sub-directories of 1Mb or more:
     libs 49.1Mb
Flavors: r-devel-linux-x86_64-fedora-clang, r-release-macos-arm64, r-release-macos-x86_64, r-release-windows-ix86+x86_64, r-oldrel-macos-x86_64

Version: 0.1-3
Check: line endings in C/C++/Fortran sources/headers
Result: NOTE
    Found the following sources/headers with CR or CRLF line endings:
     src/stan_files/LGT.hpp
     src/stan_files/S2GT.hpp
     src/stan_files/SGT.hpp
    Some Unix compilers require LF line endings.
Flavor: r-devel-windows-x86_64-gcc10-UCRT

Version: 0.1-3
Check: whether package can be installed
Result: ERROR
    Installation failed.
Flavor: r-oldrel-windows-ix86+x86_64