CRAN Package Check Results for Package Rmagic

Last updated on 2019-10-16 22:56:09 CEST.

Flavor Version Tinstall Tcheck Ttotal Status Flags
r-devel-linux-x86_64-debian-clang 1.4.0 8.62 72.95 81.57 OK
r-devel-linux-x86_64-debian-gcc 1.4.0 6.55 58.78 65.33 OK
r-devel-linux-x86_64-fedora-clang 1.4.0 110.03 ERROR
r-devel-linux-x86_64-fedora-gcc 1.4.0 108.52 ERROR
r-devel-windows-ix86+x86_64 1.4.0 31.00 144.00 175.00 OK
r-patched-linux-x86_64 1.4.0 7.64 71.29 78.93 OK
r-patched-solaris-x86 1.4.0 168.40 NOTE
r-release-linux-x86_64 1.4.0 7.65 71.30 78.95 OK
r-release-windows-ix86+x86_64 1.4.0 22.00 98.00 120.00 OK
r-release-osx-x86_64 1.4.0 OK
r-oldrel-windows-ix86+x86_64 1.4.0 13.00 92.00 105.00 OK
r-oldrel-osx-x86_64 1.4.0 OK

Check Details

Version: 1.4.0
Check: examples
Result: ERROR
    Running examples in ‘Rmagic-Ex.R’ failed
    The error most likely occurred in:
    
    > ### Name: ggplot.magic
    > ### Title: Convert a MAGIC object to a data.frame for ggplot
    > ### Aliases: ggplot.magic
    >
    > ### ** Examples
    >
    > if (reticulate::py_module_available("magic") && require(ggplot2)) {
    +
    + data(magic_testdata)
    + data_magic <- magic(magic_testdata, genes=c("VIM", "CDH1", "ZEB1"))
    + ggplot(data_magic, aes(VIM, CDH1, colour=ZEB1)) +
    + geom_point()
    +
    + }
    Loading required package: ggplot2
    Error in py_get_attr_impl(x, name, silent) :
     AttributeError: 'module' object has no attribute 'MAGIC'
    Calls: magic ... py_get_attr_or_item -> py_get_attr -> py_get_attr_impl
    Execution halted
Flavors: r-devel-linux-x86_64-fedora-clang, r-devel-linux-x86_64-fedora-gcc

Version: 1.4.0
Check: installed package size
Result: NOTE
     installed size is 5.4Mb
     sub-directories of 1Mb or more:
     examples 4.9Mb
Flavor: r-patched-solaris-x86