CRAN Package Check Results for Package Rmalschains

Last updated on 2019-09-16 22:49:32 CEST.

Flavor Version Tinstall Tcheck Ttotal Status Flags
r-devel-linux-x86_64-debian-clang 0.2-5 102.55 23.75 126.30 WARN
r-devel-linux-x86_64-debian-gcc 0.2-5 75.42 19.20 94.62 WARN
r-devel-linux-x86_64-fedora-clang 0.2-5 232.87 WARN
r-devel-linux-x86_64-fedora-gcc 0.2-5 169.57 WARN
r-devel-windows-ix86+x86_64 0.2-5 281.00 65.00 346.00 OK
r-patched-linux-x86_64 0.2-5 86.15 23.55 109.70 OK
r-patched-solaris-x86 0.2-5 170.30 OK
r-release-linux-x86_64 0.2-5 85.25 24.29 109.54 OK
r-release-windows-ix86+x86_64 0.2-5 205.00 67.00 272.00 OK
r-release-osx-x86_64 0.2-5 NOTE
r-oldrel-windows-ix86+x86_64 0.2-5 264.00 72.00 336.00 OK
r-oldrel-osx-x86_64 0.2-5 NOTE

Additional issues

rchk

Check Details

Version: 0.2-5
Check: whether package can be installed
Result: WARN
    Found the following significant warnings:
     ./problem.h:190:9: warning: 'auto_ptr<realea::Problem>' is deprecated [-Wdeprecated-declarations]
     ./problem.h:191:9: warning: 'ProblemPtr' is deprecated [-Wdeprecated-declarations]
     RmalschainsWrapper.cpp:100:2: warning: 'ProblemPtr' is deprecated [-Wdeprecated-declarations]
Flavor: r-devel-linux-x86_64-debian-clang

Version: 0.2-5
Check: whether package can be installed
Result: WARN
    Found the following significant warnings:
     problem.h:190:9: warning: ‘template<class> class std::auto_ptr’ is deprecated [-Wdeprecated-declarations]
Flavors: r-devel-linux-x86_64-debian-gcc, r-devel-linux-x86_64-fedora-gcc

Version: 0.2-5
Check: whether package can be installed
Result: WARN
    Found the following significant warnings:
     ./problem.h:190:9: warning: 'auto_ptr<realea::Problem>' is deprecated [-Wdeprecated-declarations]
     ./problem.h:191:9: warning: 'ProblemPtr' is deprecated [-Wdeprecated-declarations]
     RmalschainsWrapper.cpp:100:2: warning: 'ProblemPtr' is deprecated [-Wdeprecated-declarations]
     simplex.cc:106:9: warning: 'ptr_fun<std::__1::vector<double, std::__1::allocator<double> > &, std::__1::vector<double, std::__1::allocator<double> > &, std::__1::vector<double, std::__1::allocator<double> > &>' is deprecated [-Wdeprecated-declarations]
     solis.cc:187:8: warning: 'ptr_fun<const double &, const double &, double>' is deprecated [-Wdeprecated-declarations]
     solis.cc:207:4: warning: 'ptr_fun<const double &, const double &, double>' is deprecated [-Wdeprecated-declarations]
     solis.cc:215:4: warning: 'bind2nd<std::__1::multiplies<double>, double>' is deprecated [-Wdeprecated-declarations]
     solisn.cc:253:8: warning: 'ptr_fun<const double &, const double &, double>' is deprecated [-Wdeprecated-declarations]
     solisn.cc:273:4: warning: 'ptr_fun<const double &, const double &, double>' is deprecated [-Wdeprecated-declarations]
     solisn.cc:281:4: warning: 'ptr_fun<const double &, const double &, double>' is deprecated [-Wdeprecated-declarations]
     solisn2.cc:259:8: warning: 'ptr_fun<const double &, const double &, double>' is deprecated [-Wdeprecated-declarations]
     solisn2.cc:279:4: warning: 'ptr_fun<const double &, const double &, double>' is deprecated [-Wdeprecated-declarations]
     solisn2.cc:287:4: warning: 'ptr_fun<const double &, const double &, double>' is deprecated [-Wdeprecated-declarations]
Flavor: r-devel-linux-x86_64-fedora-clang

Version: 0.2-5
Check: installed package size
Result: NOTE
     installed size is 7.4Mb
     sub-directories of 1Mb or more:
     libs 7.2Mb
Flavors: r-devel-linux-x86_64-fedora-clang, r-release-osx-x86_64, r-oldrel-osx-x86_64