Last updated on 2023-09-23 23:00:56 CEST.
Flavor | Version | Tinstall | Tcheck | Ttotal | Status | Flags |
---|---|---|---|---|---|---|
r-devel-linux-x86_64-debian-clang | 2.1.8 | 522.32 | 72.17 | 594.49 | NOTE | |
r-devel-linux-x86_64-debian-gcc | 2.1.8 | 387.04 | 89.08 | 476.12 | NOTE | |
r-devel-linux-x86_64-fedora-clang | 2.1.8 | 995.23 | NOTE | |||
r-devel-linux-x86_64-fedora-gcc | 2.1.8 | 1002.25 | NOTE | |||
r-devel-windows-x86_64 | 2.1.8 | 414.00 | 140.00 | 554.00 | NOTE | |
r-patched-linux-x86_64 | 2.1.8 | 562.82 | 106.97 | 669.79 | NOTE | |
r-release-linux-x86_64 | 2.1.8 | 549.00 | 108.06 | 657.06 | NOTE | |
r-release-macos-arm64 | 2.1.8 | 230.00 | NOTE | |||
r-release-macos-x86_64 | 2.1.8 | 385.00 | NOTE | |||
r-release-windows-x86_64 | 2.1.8 | 533.00 | 168.00 | 701.00 | NOTE | |
r-oldrel-macos-arm64 | 2.1.8 | 211.00 | NOTE | |||
r-oldrel-macos-x86_64 | 2.1.8 | 280.00 | NOTE | |||
r-oldrel-windows-x86_64 | 2.1.8 | 533.00 | 147.00 | 680.00 | OK |
Version: 2.1.8
Check: C++ specification
Result: NOTE
Specified C++11: please drop specification unless essential
Flavors: r-devel-linux-x86_64-debian-clang, r-devel-linux-x86_64-debian-gcc, r-devel-linux-x86_64-fedora-clang, r-devel-linux-x86_64-fedora-gcc, r-devel-windows-x86_64, r-patched-linux-x86_64, r-release-linux-x86_64, r-release-macos-arm64, r-release-macos-x86_64, r-release-windows-x86_64
Version: 2.1.8
Check: installed package size
Result: NOTE
installed size is 41.9Mb
sub-directories of 1Mb or more:
libs 41.0Mb
Flavors: r-release-macos-arm64, r-release-macos-x86_64, r-oldrel-macos-arm64, r-oldrel-macos-x86_64