CRAN Package Check Results for Package Rmpi

Last updated on 2021-12-08 22:57:47 CET.

Flavor Version Tinstall Tcheck Ttotal Status Flags
r-devel-linux-x86_64-debian-clang 0.6-9.2 8.61 45.19 53.80 OK
r-devel-linux-x86_64-debian-gcc 0.6-9.2 6.05 36.53 42.58 OK
r-devel-linux-x86_64-fedora-clang 0.6-9.2 71.36 OK
r-devel-linux-x86_64-fedora-gcc 0.6-9.2 60.06 OK
r-devel-windows-x86_64-new-UL 0.6-9.2 79.00 77.00 156.00 OK
r-devel-windows-x86_64-new-TK 0.6-9.2 OK
r-devel-windows-x86_64-old 0.6-9.2 16.00 52.00 68.00 OK
r-patched-linux-x86_64 0.6-9.2 9.10 43.50 52.60 OK
r-release-linux-x86_64 0.6-9.2 7.81 43.89 51.70 OK
r-release-macos-arm64 0.6-9.2 FAIL
r-release-macos-x86_64 0.6-9.2 ERROR
r-release-windows-ix86+x86_64 0.6-9.2 15.00 49.00 64.00 OK
r-oldrel-macos-x86_64 0.6-9.2 ERROR
r-oldrel-windows-ix86+x86_64 0.6-9.2 18.00 44.00 62.00 OK

Check Details

Version: 0.6-9.2
Check: whether package can be installed
Result: FAIL
Flavor: r-release-macos-arm64

Version: 0.6-9.2
Check: whether package can be installed
Result: ERROR
    Installation failed.
Flavors: r-release-macos-x86_64, r-oldrel-macos-x86_64