Last updated on 2023-10-01 23:03:56 CEST.
Flavor | Version | Tinstall | Tcheck | Ttotal | Status | Flags |
---|---|---|---|---|---|---|
r-devel-linux-x86_64-debian-clang | 1.3.2 | 40.12 | 173.18 | 213.30 | OK | |
r-devel-linux-x86_64-debian-gcc | 1.3.2 | 31.87 | 128.02 | 159.89 | OK | |
r-devel-linux-x86_64-fedora-clang | 1.3.2 | 270.02 | NOTE | |||
r-devel-linux-x86_64-fedora-gcc | 1.3.2 | 290.46 | NOTE | |||
r-devel-windows-x86_64 | 1.3.2 | 35.00 | 190.00 | 225.00 | OK | |
r-patched-linux-x86_64 | 1.3.2 | 31.41 | 164.16 | 195.57 | OK | |
r-release-linux-x86_64 | 1.3.2 | 30.78 | 166.61 | 197.39 | OK | |
r-release-macos-arm64 | 1.3.2 | 96.00 | NOTE | |||
r-release-macos-x86_64 | 1.3.2 | 243.00 | OK | |||
r-release-windows-x86_64 | 1.3.2 | 50.00 | 235.00 | 285.00 | OK | |
r-oldrel-macos-arm64 | 1.3.2 | 87.00 | OK | |||
r-oldrel-macos-x86_64 | 1.3.2 | 410.00 | OK | |||
r-oldrel-windows-x86_64 | 1.3.2 | 44.00 | 218.00 | 262.00 | OK |
Version: 1.3.2
Check: dependencies in R code
Result: NOTE
Namespace in Imports field not imported from: ‘impute’
All declared Imports should be used.
Flavors: r-devel-linux-x86_64-fedora-clang, r-devel-linux-x86_64-fedora-gcc
Version: 1.3.2
Check: installed package size
Result: NOTE
installed size is 5.1Mb
sub-directories of 1Mb or more:
doc 2.0Mb
libs 1.7Mb
Flavor: r-release-macos-arm64