CRAN Package Check Results for Package Rnmr1D

Last updated on 2019-10-16 22:56:09 CEST.

Flavor Version Tinstall Tcheck Ttotal Status Flags
r-devel-linux-x86_64-debian-clang 1.2.4 36.66 131.34 168.00 OK
r-devel-linux-x86_64-debian-gcc 1.2.4 27.96 101.78 129.74 OK
r-devel-linux-x86_64-fedora-clang 1.2.4 215.15 NOTE
r-devel-linux-x86_64-fedora-gcc 1.2.4 206.28 NOTE
r-devel-windows-ix86+x86_64 1.2.4 89.00 367.00 456.00 OK
r-patched-linux-x86_64 1.2.4 29.88 126.67 156.55 OK
r-patched-solaris-x86 1.2.4 518.40 NOTE
r-release-linux-x86_64 1.2.4 33.12 127.81 160.93 OK
r-release-windows-ix86+x86_64 1.2.4 57.00 282.00 339.00 OK
r-release-osx-x86_64 1.2.4 WARN
r-oldrel-windows-ix86+x86_64 1.2.4 45.00 274.00 319.00 OK
r-oldrel-osx-x86_64 1.2.4 ERROR

Check Details

Version: 1.2.4
Check: dependencies in R code
Result: NOTE
    Namespace in Imports field not imported from: ‘impute’
     All declared Imports should be used.
Flavors: r-devel-linux-x86_64-fedora-clang, r-devel-linux-x86_64-fedora-gcc, r-patched-solaris-x86, r-release-osx-x86_64

Version: 1.2.4
Check: for executable files
Result: WARN
    Found the following executable files:
     inst/extra/CD_BBI_16P02/CD_BBI_16P02-R1/10/fid
     inst/extra/CD_BBI_16P02/CD_BBI_16P02-R2/10/fid
     inst/extra/CD_BBI_16P02/CD_BBI_16P02-R3/10/fid
     inst/extra/CD_BBI_16P02/CD_BBI_16P02-R8/10/fid
    Source packages should not contain undeclared executable files.
    See section ‘Package structure’ in the ‘Writing R Extensions’ manual.
Flavor: r-release-osx-x86_64

Version: 1.2.4
Check: package dependencies
Result: ERROR
    Packages required and available but unsuitable versions:
     ‘impute’ ‘MassSpecWavelet’ ‘plotly’
    
    See section ‘The DESCRIPTION file’ in the ‘Writing R Extensions’
    manual.
Flavor: r-oldrel-osx-x86_64