Last updated on 2024-04-23 22:55:35 CEST.
Flavor | Version | Tinstall | Tcheck | Ttotal | Status | Flags |
---|---|---|---|---|---|---|
r-devel-linux-x86_64-debian-clang | 1.3.2 | 51.08 | 209.56 | 260.64 | OK | |
r-devel-linux-x86_64-debian-gcc | 1.3.2 | 33.43 | 160.26 | 193.69 | OK | |
r-devel-linux-x86_64-fedora-clang | 1.3.2 | 329.14 | NOTE | |||
r-devel-linux-x86_64-fedora-gcc | 1.3.2 | 336.66 | NOTE | |||
r-prerel-macos-arm64 | 1.3.2 | 95.00 | OK | |||
r-prerel-macos-x86_64 | 1.3.2 | 164.00 | OK | |||
r-prerel-windows-x86_64 | 1.3.2 | 37.00 | 178.00 | 215.00 | OK | |
r-patched-linux-x86_64 | 1.3.2 | 42.91 | 203.83 | 246.74 | OK | |
r-release-linux-x86_64 | 1.3.2 | 28.15 | 205.99 | 234.14 | OK | |
r-release-macos-arm64 | 1.3.2 | 96.00 | NOTE | |||
r-release-macos-x86_64 | 1.3.2 | 243.00 | OK | |||
r-release-windows-x86_64 | 1.3.2 | 46.00 | 233.00 | 279.00 | OK | |
r-oldrel-macos-arm64 | 1.3.2 | 87.00 | OK | |||
r-oldrel-windows-x86_64 | 1.3.2 | 44.00 | 227.00 | 271.00 | OK |
Version: 1.3.2
Check: dependencies in R code
Result: NOTE
Namespace in Imports field not imported from: ‘impute’
All declared Imports should be used.
Flavors: r-devel-linux-x86_64-fedora-clang, r-devel-linux-x86_64-fedora-gcc
Version: 1.3.2
Check: installed package size
Result: NOTE
installed size is 5.1Mb
sub-directories of 1Mb or more:
doc 2.0Mb
libs 1.7Mb
Flavor: r-release-macos-arm64