CRAN Package Check Results for Package RoBMA

Last updated on 2021-10-17 22:48:47 CEST.

Flavor Version Tinstall Tcheck Ttotal Status Flags
r-devel-linux-x86_64-debian-clang 2.1.0 19.01 105.42 124.43 OK
r-devel-linux-x86_64-debian-gcc 2.1.0 13.13 78.06 91.19 OK
r-devel-linux-x86_64-fedora-clang 2.1.0 162.50 NOTE
r-devel-linux-x86_64-fedora-gcc 2.1.0 228.61 NOTE
r-devel-windows-x86_64 2.1.0 25.00 221.00 246.00 OK
r-devel-windows-x86_64-gcc10-UCRT 2.0.0 NOTE
r-patched-linux-x86_64 2.1.0 16.59 100.85 117.44 OK
r-patched-solaris-x86 2.1.0 186.20 NOTE
r-release-linux-x86_64 2.1.0 15.02 100.60 115.62 OK
r-release-macos-arm64 2.0.0 NOTE
r-release-macos-x86_64 2.1.0 NOTE
r-release-windows-ix86+x86_64 2.1.0 29.00 328.00 357.00 OK
r-oldrel-macos-x86_64 2.1.0 NOTE
r-oldrel-windows-ix86+x86_64 2.1.0 30.00 323.00 353.00 OK

Check Details

Version: 2.1.0
Check: dependencies in R code
Result: NOTE
    Namespaces in Imports field not imported from:
     ‘Rdpack’ ‘bridgesampling’ ‘callr’ ‘extraDistr’ ‘psych’ ‘runjags’
     All declared Imports should be used.
Flavors: r-devel-linux-x86_64-fedora-clang, r-devel-linux-x86_64-fedora-gcc, r-patched-solaris-x86, r-release-macos-x86_64, r-oldrel-macos-x86_64

Version: 2.1.0
Check: Rd cross-references
Result: NOTE
    Undeclared package ‘metafor’ in Rd xrefs
Flavor: r-devel-linux-x86_64-fedora-clang

Version: 2.0.0
Check: dependencies in R code
Result: NOTE
    Namespaces in Imports field not imported from:
     'Rdpack' 'bridgesampling' 'callr' 'extraDistr' 'psych' 'runjags'
     All declared Imports should be used.
Flavors: r-devel-windows-x86_64-gcc10-UCRT, r-release-macos-arm64