CRAN Package Check Results for Package RobLox

Last updated on 2025-04-29 22:50:12 CEST.

Flavor Version Tinstall Tcheck Ttotal Status Flags
r-devel-linux-x86_64-debian-clang 1.2.3 19.49 159.81 179.30 NOTE
r-devel-linux-x86_64-debian-gcc 1.2.3 12.62 110.07 122.69 NOTE
r-devel-linux-x86_64-fedora-clang 1.2.3 279.24 OK
r-devel-linux-x86_64-fedora-gcc 1.2.3 272.46 OK
r-devel-windows-x86_64 1.2.3 19.00 157.00 176.00 OK
r-patched-linux-x86_64 1.2.3 18.32 150.28 168.60 OK
r-release-linux-x86_64 1.2.3 19.65 153.69 173.34 OK
r-release-macos-arm64 1.2.3 102.00 OK
r-release-macos-x86_64 1.2.3 160.00 OK
r-release-windows-x86_64 1.2.3 19.00 154.00 173.00 OK
r-oldrel-macos-arm64 1.2.3 72.00 OK
r-oldrel-macos-x86_64 1.2.3 148.00 OK
r-oldrel-windows-x86_64 1.2.3 23.00 193.00 216.00 OK

Check Details

Version: 1.2.3
Check: examples
Result: NOTE Examples with CPU (user + system) or elapsed time > 5s user system elapsed roblox 6.357 0.129 7.861 Flavor: r-devel-linux-x86_64-debian-clang

Version: 1.2.3
Check: examples
Result: NOTE Examples with CPU (user + system) or elapsed time > 5s user system elapsed roblox 4.589 0.008 5.697 Flavor: r-devel-linux-x86_64-debian-gcc