CRAN Package Check Results for Package RobLoxBioC

Last updated on 2025-04-18 22:50:53 CEST.

Flavor Version Tinstall Tcheck Ttotal Status Flags
r-devel-linux-x86_64-debian-clang 1.2.3 33.09 272.31 305.40 OK
r-devel-linux-x86_64-debian-gcc 1.2.3 25.53 201.48 227.01 OK
r-devel-linux-x86_64-fedora-clang 1.2.3 515.01 OK
r-devel-linux-x86_64-fedora-gcc 1.2.3 482.60 OK
r-devel-windows-x86_64 1.2.3 32.00 225.00 257.00 OK
r-patched-linux-x86_64 1.2.3 32.71 255.32 288.03 OK
r-release-linux-x86_64 1.2.3 30.08 256.69 286.77 OK
r-release-macos-arm64 1.2.3 117.00 OK
r-release-macos-x86_64 1.2.3 262.00 OK
r-release-windows-x86_64 1.2.3 31.00 224.00 255.00 OK
r-oldrel-macos-arm64 1.2.3 125.00 NOTE
r-oldrel-macos-x86_64 1.2.3 264.00 NOTE
r-oldrel-windows-x86_64 1.2.3 42.00 295.00 337.00 OK

Check Details

Version: 1.2.3
Check: package dependencies
Result: NOTE Packages suggested but not available for checking: 'affydata', 'hgu95av2cdf', 'beadarrayExampleData', 'illuminaHumanv3.db' Flavor: r-oldrel-macos-arm64

Version: 1.2.3
Check: package dependencies
Result: NOTE Package suggested but not available for checking: ‘illuminaHumanv3.db’ Flavor: r-oldrel-macos-x86_64