CRAN Package Check Results for Package RobRSVD

Last updated on 2019-09-17 22:48:17 CEST.

Flavor Version Tinstall Tcheck Ttotal Status Flags
r-devel-linux-x86_64-debian-clang 1.0 2.01 29.61 31.62 NOTE
r-devel-linux-x86_64-debian-gcc 1.0 1.69 24.51 26.20 NOTE
r-devel-linux-x86_64-fedora-clang 1.0 39.25 NOTE
r-devel-linux-x86_64-fedora-gcc 1.0 38.83 NOTE
r-devel-windows-ix86+x86_64 1.0 6.00 49.00 55.00 NOTE
r-patched-linux-x86_64 1.0 1.66 29.42 31.08 NOTE
r-patched-solaris-x86 1.0 59.80 NOTE
r-release-linux-x86_64 1.0 1.53 29.07 30.60 NOTE
r-release-windows-ix86+x86_64 1.0 4.00 52.00 56.00 NOTE
r-release-osx-x86_64 1.0 NOTE
r-oldrel-windows-ix86+x86_64 1.0 2.00 37.00 39.00 NOTE
r-oldrel-osx-x86_64 1.0 NOTE

Check Details

Version: 1.0
Check: R code for possible problems
Result: NOTE
    RobRSVD: no visible global function definition for 'median'
    Undefined global functions or variables:
     median
    Consider adding
     importFrom("stats", "median")
    to your NAMESPACE file.
Flavors: r-devel-linux-x86_64-debian-clang, r-devel-linux-x86_64-debian-gcc, r-devel-linux-x86_64-fedora-clang, r-devel-linux-x86_64-fedora-gcc, r-devel-windows-ix86+x86_64, r-patched-linux-x86_64, r-patched-solaris-x86, r-release-linux-x86_64, r-release-windows-ix86+x86_64, r-release-osx-x86_64, r-oldrel-windows-ix86+x86_64, r-oldrel-osx-x86_64