CRAN Package Check Results for Package RobRSVD

Last updated on 2020-02-17 22:49:46 CET.

Flavor Version Tinstall Tcheck Ttotal Status Flags
r-devel-linux-x86_64-debian-clang 1.0 1.79 31.41 33.20 NOTE
r-devel-linux-x86_64-debian-gcc 1.0 1.75 25.57 27.32 NOTE
r-devel-linux-x86_64-fedora-clang 1.0 40.07 NOTE
r-devel-linux-x86_64-fedora-gcc 1.0 39.58 NOTE
r-devel-windows-ix86+x86_64 1.0 5.00 41.00 46.00 NOTE
r-devel-windows-ix86+x86_64-gcc8 1.0 6.00 51.00 57.00 NOTE
r-patched-linux-x86_64 1.0 1.75 29.71 31.46 NOTE
r-patched-solaris-x86 1.0 60.30 NOTE
r-release-linux-x86_64 1.0 1.62 30.03 31.65 NOTE
r-release-windows-ix86+x86_64 1.0 4.00 52.00 56.00 NOTE
r-release-osx-x86_64 1.0 NOTE
r-oldrel-windows-ix86+x86_64 1.0 2.00 37.00 39.00 NOTE
r-oldrel-osx-x86_64 1.0 NOTE

Check Details

Version: 1.0
Check: R code for possible problems
Result: NOTE
    RobRSVD: no visible global function definition for 'median'
    Undefined global functions or variables:
     median
    Consider adding
     importFrom("stats", "median")
    to your NAMESPACE file.
Flavors: r-devel-linux-x86_64-debian-clang, r-devel-linux-x86_64-debian-gcc, r-devel-linux-x86_64-fedora-clang, r-devel-linux-x86_64-fedora-gcc, r-devel-windows-ix86+x86_64, r-devel-windows-ix86+x86_64-gcc8, r-patched-linux-x86_64, r-patched-solaris-x86, r-release-linux-x86_64, r-release-windows-ix86+x86_64, r-release-osx-x86_64, r-oldrel-windows-ix86+x86_64, r-oldrel-osx-x86_64