CRAN Package Check Results for Package Robyn

Last updated on 2024-02-23 23:10:17 CET.

Flavor Version Tinstall Tcheck Ttotal Status Flags
r-devel-linux-x86_64-debian-clang 3.10.3 NOTE
r-devel-linux-x86_64-debian-gcc 3.10.3 22.91 127.02 149.93 NOTE
r-devel-linux-x86_64-fedora-clang 3.10.3 255.96 NOTE
r-devel-linux-x86_64-fedora-gcc 3.10.3 243.31 NOTE
r-devel-windows-x86_64 3.10.3 22.00 134.00 156.00 OK
r-patched-linux-x86_64 3.10.3 18.16 165.62 183.78 OK
r-release-linux-x86_64 3.10.3 20.10 161.99 182.09 OK
r-release-macos-arm64 3.10.3 75.00 OK
r-release-macos-x86_64 3.10.3 142.00 OK
r-release-windows-x86_64 3.10.3 28.00 164.00 192.00 OK
r-oldrel-macos-arm64 3.10.3 70.00 OK
r-oldrel-windows-x86_64 3.10.3 31.00 162.00 193.00 OK

Check Details

Version: 3.10.3
Check: Rd files
Result: NOTE checkRd: (-1) hyper_names.Rd:37-38: Lost braces in \itemize; meant \describe ? checkRd: (-1) hyper_names.Rd:39-41: Lost braces in \itemize; meant \describe ? checkRd: (-1) hyper_names.Rd:42-44: Lost braces in \itemize; meant \describe ? checkRd: (-1) hyper_names.Rd:45-47: Lost braces in \itemize; meant \describe ? Flavors: r-devel-linux-x86_64-debian-clang, r-devel-linux-x86_64-debian-gcc, r-devel-linux-x86_64-fedora-clang, r-devel-linux-x86_64-fedora-gcc