CRAN Package Check Results for Package Rothermel

Last updated on 2021-06-18 22:54:42 CEST.

Flavor Version Tinstall Tcheck Ttotal Status Flags
r-devel-linux-x86_64-debian-clang 1.2 13.73 142.77 156.50 NOTE
r-devel-linux-x86_64-debian-gcc 1.2 11.89 105.26 117.15 NOTE
r-devel-linux-x86_64-fedora-clang 1.2 191.64 NOTE
r-devel-linux-x86_64-fedora-gcc 1.2 177.14 NOTE
r-devel-windows-x86_64 1.2 22.00 124.00 146.00 NOTE
r-devel-windows-x86_64-gcc10-UCRT 1.2 NOTE
r-patched-linux-x86_64 1.2 16.23 130.27 146.50 NOTE
r-patched-solaris-x86 1.2 257.90 NOTE
r-release-linux-x86_64 1.2 12.66 131.60 144.26 NOTE
r-release-macos-arm64 1.2 NOTE
r-release-macos-x86_64 1.2 NOTE
r-release-windows-ix86+x86_64 1.2 33.00 168.00 201.00 NOTE
r-oldrel-macos-x86_64 1.2 NOTE
r-oldrel-windows-ix86+x86_64 1.2 25.00 164.00 189.00 NOTE

Check Details

Version: 1.2
Check: R code for possible problems
Result: NOTE
    bestFM: no visible global function definition for 'data'
    gaRoth: no visible global function definition for 'data'
    ros: no visible global function definition for 'na.omit'
    rosunc: no visible global function definition for 'rnorm'
    Undefined global functions or variables:
     data na.omit rnorm
    Consider adding
     importFrom("stats", "na.omit", "rnorm")
     importFrom("utils", "data")
    to your NAMESPACE file.
Flavors: r-devel-linux-x86_64-debian-clang, r-devel-linux-x86_64-debian-gcc, r-devel-linux-x86_64-fedora-clang, r-devel-linux-x86_64-fedora-gcc, r-devel-windows-x86_64, r-devel-windows-x86_64-gcc10-UCRT, r-patched-linux-x86_64, r-patched-solaris-x86, r-release-linux-x86_64, r-release-macos-arm64, r-release-macos-x86_64, r-release-windows-ix86+x86_64, r-oldrel-macos-x86_64, r-oldrel-windows-ix86+x86_64