CRAN Package Check Results for Package RoundAndRound

Last updated on 2022-07-06 21:53:50 CEST.

Flavor Version Tinstall Tcheck Ttotal Status Flags
r-devel-linux-x86_64-debian-clang 0.0.1 2.80 25.35 28.15 OK
r-devel-linux-x86_64-debian-gcc 0.0.1 1.83 20.03 21.86 OK
r-devel-linux-x86_64-fedora-clang 0.0.1 45.06 NOTE
r-devel-linux-x86_64-fedora-gcc 0.0.1 43.93 NOTE
r-devel-windows-x86_64 0.0.1 31.00 52.00 83.00 OK
r-patched-linux-x86_64 0.0.1 2.08 24.47 26.55 OK
r-release-linux-x86_64 0.0.1 2.15 24.52 26.67 OK
r-release-macos-arm64 0.0.1 16.00 NOTE
r-release-macos-x86_64 0.0.1 24.00 NOTE
r-release-windows-x86_64 0.0.1 29.00 52.00 81.00 OK
r-oldrel-macos-arm64 0.0.1 22.00 NOTE
r-oldrel-macos-x86_64 0.0.1 29.00 NOTE
r-oldrel-windows-ix86+x86_64 0.0.1 6.00 44.00 50.00 OK

Check Details

Version: 0.0.1
Check: dependencies in R code
Result: NOTE
    Namespace in Imports field not imported from: ‘geometry’
     All declared Imports should be used.
Flavors: r-devel-linux-x86_64-fedora-clang, r-devel-linux-x86_64-fedora-gcc, r-release-macos-arm64, r-release-macos-x86_64, r-oldrel-macos-arm64, r-oldrel-macos-x86_64