CRAN Package Check Results for Package Rphylopars

Last updated on 2019-07-17 22:54:38 CEST.

Flavor Version Tinstall Tcheck Ttotal Status Flags
r-devel-linux-x86_64-debian-clang 0.2.9 56.38 95.51 151.89 NOTE
r-devel-linux-x86_64-debian-gcc 0.2.9 44.56 75.66 120.22 NOTE
r-devel-linux-x86_64-fedora-clang 0.2.9 206.75 NOTE
r-devel-linux-x86_64-fedora-gcc 0.2.9 196.74 NOTE
r-devel-windows-ix86+x86_64 0.2.9 136.00 218.00 354.00 OK
r-patched-linux-x86_64 0.2.9 54.16 93.74 147.90 OK
r-patched-solaris-x86 0.2.9 250.70 OK
r-release-linux-x86_64 0.2.9 51.68 93.98 145.66 OK
r-release-windows-ix86+x86_64 0.2.9 103.00 218.00 321.00 OK
r-release-osx-x86_64 0.2.9 NOTE
r-oldrel-windows-ix86+x86_64 0.2.9 88.00 150.00 238.00 OK
r-oldrel-osx-x86_64 0.2.9 OK

Check Details

Version: 0.2.9
Check: for non-standard things in the check directory
Result: NOTE
    Found the following files/directories:
     'data_path.txt' 'tree_path.new'
Flavors: r-devel-linux-x86_64-debian-clang, r-devel-linux-x86_64-debian-gcc, r-devel-linux-x86_64-fedora-clang, r-devel-linux-x86_64-fedora-gcc

Version: 0.2.9
Check: compiled code
Result: NOTE
    File ‘Rphylopars/libs/Rphylopars.so’:
     Found no calls to: ‘R_registerRoutines’, ‘R_useDynamicSymbols’
    
    It is good practice to register native routines and to disable symbol
    search.
    
    See ‘Writing portable packages’ in the ‘Writing R Extensions’ manual.
Flavors: r-devel-linux-x86_64-fedora-clang, r-devel-linux-x86_64-fedora-gcc

Version: 0.2.9
Check: installed package size
Result: NOTE
     installed size is 5.4Mb
     sub-directories of 1Mb or more:
     libs 5.2Mb
Flavor: r-release-osx-x86_64