CRAN Package Check Results for Package Rphylopars

Last updated on 2019-10-22 22:49:22 CEST.

Flavor Version Tinstall Tcheck Ttotal Status Flags
r-devel-linux-x86_64-debian-gcc 0.2.11 49.33 72.70 122.03 OK
r-devel-linux-x86_64-fedora-clang 0.2.11 196.40 NOTE
r-devel-linux-x86_64-fedora-gcc 0.2.11 107.16 OK
r-patched-solaris-x86 0.2.11 229.80 OK
r-release-linux-x86_64 0.2.11 50.13 91.38 141.51 OK
r-release-windows-ix86+x86_64 0.2.11 149.00 235.00 384.00 OK
r-release-osx-x86_64 0.2.9 NOTE
r-oldrel-osx-x86_64 0.2.9 OK

Check Details

Version: 0.2.11
Check: installed package size
Result: NOTE
     installed size is 5.2Mb
     sub-directories of 1Mb or more:
     libs 4.9Mb
Flavor: r-devel-linux-x86_64-fedora-clang

Version: 0.2.9
Check: installed package size
Result: NOTE
     installed size is 5.4Mb
     sub-directories of 1Mb or more:
     libs 5.2Mb
Flavor: r-release-osx-x86_64