CRAN Package Check Results for Package Rprofet

Last updated on 2022-12-06 23:00:52 CET.

Flavor Version Tinstall Tcheck Ttotal Status Flags
r-devel-linux-x86_64-debian-clang 2.2.1 7.85 93.14 100.99 NOTE
r-devel-linux-x86_64-debian-gcc 2.2.1 5.45 69.20 74.65 NOTE
r-devel-linux-x86_64-fedora-clang 2.2.1 131.80 NOTE
r-devel-linux-x86_64-fedora-gcc 2.2.1 130.75 NOTE
r-devel-windows-x86_64 2.2.1 16.00 109.00 125.00 NOTE
r-patched-linux-x86_64 2.2.1 5.95 87.68 93.63 NOTE
r-release-linux-x86_64 2.2.1 7.03 88.90 95.93 NOTE
r-release-macos-arm64 2.2.1 34.00 NOTE
r-release-macos-x86_64 2.2.1 67.00 NOTE
r-release-windows-x86_64 2.2.1 19.00 117.00 136.00 NOTE
r-oldrel-macos-arm64 2.2.1 53.00 NOTE
r-oldrel-macos-x86_64 2.2.1 56.00 NOTE
r-oldrel-windows-ix86+x86_64 2.2.1 19.00 115.00 134.00 NOTE

Check Details

Version: 2.2.1
Check: LazyData
Result: NOTE
     'LazyData' is specified without a 'data' directory
Flavors: r-devel-linux-x86_64-debian-clang, r-devel-linux-x86_64-debian-gcc, r-devel-linux-x86_64-fedora-clang, r-devel-linux-x86_64-fedora-gcc, r-devel-windows-x86_64, r-patched-linux-x86_64, r-release-linux-x86_64, r-release-macos-arm64, r-release-macos-x86_64, r-release-windows-x86_64, r-oldrel-macos-arm64, r-oldrel-macos-x86_64, r-oldrel-windows-ix86+x86_64