CRAN Package Check Results for Package Rsconctdply

Last updated on 2024-02-26 23:03:51 CET.

Flavor Version Tinstall Tcheck Ttotal Status Flags
r-devel-linux-x86_64-debian-clang 0.1.3 1.47 19.80 21.27 NOTE
r-devel-linux-x86_64-debian-gcc 0.1.3 1.59 15.74 17.33 NOTE
r-devel-linux-x86_64-fedora-clang 0.1.3 29.07 NOTE
r-devel-linux-x86_64-fedora-gcc 0.1.3 27.05 NOTE
r-devel-windows-x86_64 0.1.3 3.00 36.00 39.00 NOTE
r-patched-linux-x86_64 0.1.3 2.21 19.67 21.88 NOTE
r-release-linux-x86_64 0.1.3 1.88 19.76 21.64 NOTE
r-release-macos-arm64 0.1.3 16.00 NOTE
r-release-macos-x86_64 0.1.3 18.00 NOTE
r-release-windows-x86_64 0.1.3 4.00 37.00 41.00 NOTE
r-oldrel-macos-arm64 0.1.3 15.00 NOTE
r-oldrel-windows-x86_64 0.1.3 4.00 44.00 48.00 NOTE

Check Details

Version: 0.1.3
Check: LazyData
Result: NOTE 'LazyData' is specified without a 'data' directory Flavors: r-devel-linux-x86_64-debian-clang, r-devel-linux-x86_64-debian-gcc, r-devel-linux-x86_64-fedora-clang, r-devel-linux-x86_64-fedora-gcc, r-devel-windows-x86_64, r-patched-linux-x86_64, r-release-linux-x86_64, r-release-macos-arm64, r-release-macos-x86_64, r-release-windows-x86_64, r-oldrel-macos-arm64, r-oldrel-windows-x86_64

Version: 0.1.3
Check: dependencies in R code
Result: NOTE Namespace in Imports field not imported from: ‘dplyr’ All declared Imports should be used. Flavors: r-devel-linux-x86_64-fedora-clang, r-devel-linux-x86_64-fedora-gcc, r-oldrel-macos-arm64