CRAN Package Check Results for Package Rspc

Last updated on 2024-05-20 21:54:31 CEST.

Flavor Version Tinstall Tcheck Ttotal Status Flags
r-devel-linux-x86_64-debian-clang 1.2.2 3.10 28.64 31.74 NOTE
r-devel-linux-x86_64-debian-gcc 1.2.2 2.13 21.48 23.61 NOTE
r-devel-linux-x86_64-fedora-clang 1.2.2 40.22 NOTE
r-devel-linux-x86_64-fedora-gcc 1.2.2 51.03 NOTE
r-devel-windows-x86_64 1.2.2 4.00 44.00 48.00 NOTE
r-patched-linux-x86_64 1.2.2 2.91 26.86 29.77 NOTE
r-release-linux-x86_64 1.2.2 1.77 26.40 28.17 NOTE
r-release-macos-arm64 1.2.2 23.00 NOTE
r-release-windows-x86_64 1.2.2 3.00 45.00 48.00 NOTE
r-oldrel-macos-arm64 1.2.2 22.00 NOTE
r-oldrel-macos-x86_64 1.2.2 33.00 NOTE
r-oldrel-windows-x86_64 1.2.2 4.00 46.00 50.00 NOTE

Check Details

Version: 1.2.2
Check: LazyData
Result: NOTE 'LazyData' is specified without a 'data' directory Flavors: r-devel-linux-x86_64-debian-clang, r-devel-linux-x86_64-debian-gcc, r-devel-linux-x86_64-fedora-clang, r-devel-linux-x86_64-fedora-gcc, r-devel-windows-x86_64, r-patched-linux-x86_64, r-release-linux-x86_64, r-release-macos-arm64, r-release-windows-x86_64, r-oldrel-macos-arm64, r-oldrel-macos-x86_64, r-oldrel-windows-x86_64