CRAN Package Check Results for Package Rspc

Last updated on 2023-09-23 23:00:56 CEST.

Flavor Version Tinstall Tcheck Ttotal Status Flags
r-devel-linux-x86_64-debian-clang 1.2.2 2.70 26.35 29.05 NOTE
r-devel-linux-x86_64-debian-gcc 1.2.2 2.34 21.66 24.00 NOTE
r-devel-linux-x86_64-fedora-clang 1.2.2 35.96 NOTE
r-devel-linux-x86_64-fedora-gcc 1.2.2 48.87 NOTE
r-devel-windows-x86_64 1.2.2 3.00 45.00 48.00 NOTE
r-patched-linux-x86_64 1.2.2 2.90 24.94 27.84 NOTE
r-release-linux-x86_64 1.2.2 2.77 25.27 28.04 NOTE
r-release-macos-arm64 1.2.2 22.00 NOTE
r-release-macos-x86_64 1.2.2 33.00 NOTE
r-release-windows-x86_64 1.2.2 5.00 44.00 49.00 NOTE
r-oldrel-macos-arm64 1.2.2 17.00 NOTE
r-oldrel-macos-x86_64 1.2.2 22.00 NOTE
r-oldrel-windows-x86_64 1.2.2 5.00 44.00 49.00 NOTE

Check Details

Version: 1.2.2
Check: LazyData
Result: NOTE
     'LazyData' is specified without a 'data' directory
Flavors: r-devel-linux-x86_64-debian-clang, r-devel-linux-x86_64-debian-gcc, r-devel-linux-x86_64-fedora-clang, r-devel-linux-x86_64-fedora-gcc, r-devel-windows-x86_64, r-patched-linux-x86_64, r-release-linux-x86_64, r-release-macos-arm64, r-release-macos-x86_64, r-release-windows-x86_64, r-oldrel-macos-arm64, r-oldrel-macos-x86_64, r-oldrel-windows-x86_64