CRAN Package Check Results for Package Rspotify

Last updated on 2021-12-01 22:53:23 CET.

Flavor Version Tinstall Tcheck Ttotal Status Flags
r-devel-linux-x86_64-debian-clang 0.1.2 2.49 21.62 24.11 NOTE
r-devel-linux-x86_64-debian-gcc 0.1.2 1.87 17.16 19.03 NOTE
r-devel-linux-x86_64-fedora-clang 0.1.2 41.48 NOTE
r-devel-linux-x86_64-fedora-gcc 0.1.2 29.61 NOTE
r-devel-windows-x86_64-new-UL 0.1.2 8.00 56.00 64.00 NOTE
r-devel-windows-x86_64-new-TK 0.1.2 NOTE
r-devel-windows-x86_64-old 0.1.2 4.00 30.00 34.00 NOTE
r-patched-linux-x86_64 0.1.2 2.48 20.67 23.15 NOTE
r-patched-solaris-x86 0.1.2 44.40 NOTE
r-release-linux-x86_64 0.1.2 2.25 20.63 22.88 NOTE
r-release-macos-arm64 0.1.2 NOTE
r-release-macos-x86_64 0.1.2 NOTE
r-release-windows-ix86+x86_64 0.1.2 6.00 37.00 43.00 NOTE
r-oldrel-macos-x86_64 0.1.2 NOTE
r-oldrel-windows-ix86+x86_64 0.1.2 5.00 40.00 45.00 OK

Check Details

Version: 0.1.2
Check: LazyData
Result: NOTE
     'LazyData' is specified without a 'data' directory
Flavors: r-devel-linux-x86_64-debian-clang, r-devel-linux-x86_64-debian-gcc, r-devel-linux-x86_64-fedora-clang, r-devel-linux-x86_64-fedora-gcc, r-devel-windows-x86_64-new-UL, r-devel-windows-x86_64-new-TK, r-devel-windows-x86_64-old, r-patched-linux-x86_64, r-patched-solaris-x86, r-release-linux-x86_64, r-release-macos-arm64, r-release-macos-x86_64, r-release-windows-ix86+x86_64

Version: 0.1.2
Check: dependencies in R code
Result: NOTE
    Namespace in Imports field not imported from: ‘magrittr’
     All declared Imports should be used.
Flavors: r-devel-linux-x86_64-fedora-clang, r-devel-linux-x86_64-fedora-gcc, r-devel-windows-x86_64-new-TK, r-patched-solaris-x86, r-release-macos-arm64, r-release-macos-x86_64, r-oldrel-macos-x86_64