CRAN Package Check Results for Package RstoxData

Last updated on 2022-09-27 23:08:51 CEST.

Flavor Version Tinstall Tcheck Ttotal Status Flags
r-devel-linux-x86_64-debian-clang 1.2.1 52.45 109.49 161.94 OK
r-devel-linux-x86_64-debian-gcc 1.2.1 42.81 77.89 120.70 OK
r-devel-linux-x86_64-fedora-clang 1.2.1 225.02 NOTE
r-devel-linux-x86_64-fedora-gcc 1.2.1 207.86 NOTE
r-devel-windows-x86_64 1.2.1 120.00 188.00 308.00 OK
r-patched-linux-x86_64 1.2.1 51.42 99.63 151.05 OK
r-release-linux-x86_64 1.2.1 46.33 100.34 146.67 OK
r-release-macos-arm64 1.2.1 113.00 NOTE
r-release-macos-x86_64 1.2.1 136.00 NOTE
r-release-windows-x86_64 1.2.1 167.00 167.00 334.00 OK
r-oldrel-macos-arm64 1.2.1 145.00 NOTE
r-oldrel-macos-x86_64 1.2.1 155.00 NOTE
r-oldrel-windows-ix86+x86_64 1.2.1 134.00 219.00 353.00 OK

Check Details

Version: 1.2.1
Check: data for non-ASCII characters
Result: NOTE
     Note: found 117 marked UTF-8 strings
Flavors: r-devel-linux-x86_64-fedora-clang, r-devel-linux-x86_64-fedora-gcc, r-release-macos-arm64, r-release-macos-x86_64, r-oldrel-macos-arm64, r-oldrel-macos-x86_64

Version: 1.2.1
Check: installed package size
Result: NOTE
     installed size is 5.7Mb
     sub-directories of 1Mb or more:
     libs 4.0Mb
Flavor: r-oldrel-macos-arm64