CRAN Package Check Results for Package RxODE

Last updated on 2021-11-29 22:59:24 CET.

Flavor Version Tinstall Tcheck Ttotal Status Flags
r-devel-linux-x86_64-debian-clang 1.1.2 506.26 194.42 700.68 OK
r-devel-linux-x86_64-debian-gcc 1.1.2 439.62 137.83 577.45 OK
r-devel-linux-x86_64-fedora-clang 1.1.2 1116.26 NOTE
r-devel-linux-x86_64-fedora-gcc 1.1.2 1042.84 OK
r-devel-windows-x86_64-new-UL 1.1.2 734.00 457.00 1191.00 NOTE
r-devel-windows-x86_64-new-TK 1.1.2 OK
r-devel-windows-x86_64-old 1.1.2 615.00 244.00 859.00 NOTE
r-patched-linux-x86_64 1.1.2 490.77 174.63 665.40 OK
r-patched-solaris-x86 1.1.2 1027.60 NOTE
r-release-linux-x86_64 1.1.2 499.32 173.20 672.52 OK
r-release-macos-arm64 1.1.2 NOTE
r-release-macos-x86_64 1.1.2 NOTE
r-release-windows-ix86+x86_64 1.1.2 1141.00 414.00 1555.00 NOTE
r-oldrel-macos-x86_64 1.1.2 NOTE
r-oldrel-windows-ix86+x86_64 1.1.2 833.00 332.00 1165.00 NOTE

Check Details

Version: 1.1.2
Check: installed package size
Result: NOTE
     installed size is 48.5Mb
     sub-directories of 1Mb or more:
     libs 45.8Mb
Flavors: r-devel-linux-x86_64-fedora-clang, r-devel-windows-x86_64-new-UL, r-devel-windows-x86_64-old, r-patched-solaris-x86, r-release-macos-arm64, r-release-macos-x86_64, r-release-windows-ix86+x86_64, r-oldrel-macos-x86_64, r-oldrel-windows-ix86+x86_64

Version: 1.1.2
Check: package dependencies
Result: NOTE
    Package suggested but not available for checking: ‘symengine’
Flavor: r-release-macos-arm64