CRAN Package Check Results for Package SACOBRA

Last updated on 2020-02-24 22:50:37 CET.

Flavor Version Tinstall Tcheck Ttotal Status Flags
r-devel-linux-x86_64-debian-clang 1.1 9.09 81.12 90.21 OK
r-devel-linux-x86_64-debian-gcc 1.1 9.46 61.11 70.57 OK
r-devel-linux-x86_64-fedora-clang 1.1 110.81 NOTE
r-devel-linux-x86_64-fedora-gcc 1.1 101.95 NOTE
r-devel-windows-ix86+x86_64 1.1 11.00 81.00 92.00 OK
r-devel-windows-ix86+x86_64-gcc8 1.1 20.00 113.00 133.00 OK
r-patched-linux-x86_64 1.1 7.66 70.90 78.56 OK
r-patched-solaris-x86 1.1 117.80 NOTE
r-release-linux-x86_64 1.1 8.22 70.21 78.43 OK
r-release-windows-ix86+x86_64 1.1 15.00 80.00 95.00 OK
r-release-osx-x86_64 1.1 NOTE
r-oldrel-windows-ix86+x86_64 1.1 12.00 82.00 94.00 OK
r-oldrel-osx-x86_64 1.1 NOTE

Check Details

Version: 1.1
Check: dependencies in R code
Result: NOTE
    Namespaces in Imports field not imported from:
     ‘R6’ ‘mgcv’
     All declared Imports should be used.
Flavors: r-devel-linux-x86_64-fedora-clang, r-devel-linux-x86_64-fedora-gcc, r-patched-solaris-x86

Version: 1.1
Check: dependencies in R code
Result: NOTE
    No protocol specified
    Namespaces in Imports field not imported from:
     ‘R6’ ‘mgcv’
     All declared Imports should be used.
Flavors: r-release-osx-x86_64, r-oldrel-osx-x86_64