CRAN Package Check Results for Package SAMGEP

Last updated on 2021-05-17 22:56:39 CEST.

Flavor Version Tinstall Tcheck Ttotal Status Flags
r-devel-linux-x86_64-debian-clang 0.1.0-1 49.90 293.90 343.80 OK
r-devel-linux-x86_64-debian-gcc 0.1.0-1 33.66 214.74 248.40 OK
r-devel-linux-x86_64-fedora-clang 0.1.0-1 422.41 NOTE
r-devel-linux-x86_64-fedora-gcc 0.1.0-1 401.80 NOTE
r-devel-windows-ix86+x86_64 0.1.0-1 116.00 367.00 483.00 OK
r-devel-windows-x86_64-gcc10-UCRT 0.1.0-1 NOTE
r-patched-linux-x86_64 0.1.0-1 41.41 278.03 319.44 OK
r-patched-solaris-x86 0.1.0-1 958.30 NOTE
r-release-linux-x86_64 0.1.0-1 35.62 280.24 315.86 OK
r-release-macos-x86_64 0.1.0-1 NOTE
r-release-windows-ix86+x86_64 0.1.0-1 83.00 279.00 362.00 OK
r-oldrel-macos-x86_64 0.1.0-1 NOTE
r-oldrel-windows-ix86+x86_64 0.1.0-1 74.00 326.00 400.00 OK

Check Details

Version: 0.1.0-1
Check: dependencies in R code
Result: NOTE
    Namespace in Imports field not imported from: ‘Rcpp’
     All declared Imports should be used.
Flavors: r-devel-linux-x86_64-fedora-clang, r-devel-linux-x86_64-fedora-gcc, r-devel-windows-x86_64-gcc10-UCRT, r-patched-solaris-x86, r-release-macos-x86_64, r-oldrel-macos-x86_64