Last updated on 2023-09-25 22:12:50 CEST.
Flavor | Version | Tinstall | Tcheck | Ttotal | Status | Flags |
---|---|---|---|---|---|---|
r-devel-linux-x86_64-debian-clang | 1.0.3 | 77.60 | 103.96 | 181.56 | NOTE | |
r-devel-linux-x86_64-debian-gcc | 1.0.3 | 59.24 | 78.86 | 138.10 | NOTE | |
r-devel-linux-x86_64-fedora-clang | 1.0.3 | 247.57 | NOTE | |||
r-devel-linux-x86_64-fedora-gcc | 1.0.3 | 257.30 | NOTE | |||
r-devel-windows-x86_64 | 1.0.3 | 67.00 | 112.00 | 179.00 | NOTE | |
r-patched-linux-x86_64 | 1.0.3 | 59.82 | 99.10 | 158.92 | NOTE | |
r-release-linux-x86_64 | 1.0.3 | 53.73 | 99.75 | 153.48 | NOTE | |
r-release-macos-arm64 | 1.0.3 | 66.00 | NOTE | |||
r-release-macos-x86_64 | 1.0.3 | 109.00 | NOTE | |||
r-release-windows-x86_64 | 1.0.3 | 82.00 | 129.00 | 211.00 | NOTE | |
r-oldrel-macos-arm64 | 1.0.3 | 61.00 | NOTE | |||
r-oldrel-macos-x86_64 | 1.0.3 | 104.00 | NOTE | |||
r-oldrel-windows-x86_64 | 1.0.3 | 79.00 | 125.00 | 204.00 | NOTE |
Version: 1.0.3
Check: C++ specification
Result: NOTE
Specified C++11: please drop specification unless essential
Flavors: r-devel-linux-x86_64-debian-clang, r-devel-linux-x86_64-debian-gcc, r-devel-linux-x86_64-fedora-clang, r-devel-linux-x86_64-fedora-gcc, r-devel-windows-x86_64, r-patched-linux-x86_64, r-release-linux-x86_64, r-release-macos-arm64, r-release-macos-x86_64, r-release-windows-x86_64
Version: 1.0.3
Check: for GNU extensions in Makefiles
Result: NOTE
GNU make is a SystemRequirements.
Flavors: r-devel-linux-x86_64-debian-clang, r-devel-linux-x86_64-debian-gcc, r-devel-linux-x86_64-fedora-clang, r-devel-linux-x86_64-fedora-gcc, r-devel-windows-x86_64, r-patched-linux-x86_64, r-release-linux-x86_64, r-release-macos-arm64, r-release-macos-x86_64, r-release-windows-x86_64, r-oldrel-macos-arm64, r-oldrel-macos-x86_64, r-oldrel-windows-x86_64
Version: 1.0.3
Check: dependencies in R code
Result: NOTE
Namespaces in Imports field not imported from:
‘httr’ ‘jsonlite’
All declared Imports should be used.
Flavors: r-devel-linux-x86_64-fedora-clang, r-devel-linux-x86_64-fedora-gcc, r-oldrel-macos-arm64, r-oldrel-macos-x86_64