CRAN Package Check Results for Package SARP.compo

Last updated on 2020-01-17 22:51:05 CET.

Flavor Version Tinstall Tcheck Ttotal Status Flags
r-devel-linux-x86_64-debian-clang 0.1.0 6.37 68.54 74.91 NOTE
r-devel-linux-x86_64-debian-gcc 0.1.0 6.20 51.47 57.67 NOTE
r-devel-linux-x86_64-fedora-clang 0.1.0 88.31 NOTE
r-devel-linux-x86_64-fedora-gcc 0.1.0 86.13 NOTE
r-devel-windows-ix86+x86_64 0.1.0 30.00 120.00 150.00 OK
r-devel-windows-ix86+x86_64-gcc8 0.1.0 18.00 91.00 109.00 OK
r-patched-linux-x86_64 0.1.0 6.26 59.44 65.70 OK
r-patched-solaris-x86 0.1.0 125.60 OK
r-release-linux-x86_64 0.1.0 5.72 60.40 66.12 OK
r-release-windows-ix86+x86_64 0.1.0 29.00 85.00 114.00 OK
r-release-osx-x86_64 0.1.0 OK
r-oldrel-windows-ix86+x86_64 0.1.0 19.00 81.00 100.00 OK
r-oldrel-osx-x86_64 0.1.0 OK

Check Details

Version: 0.1.0
Check: for non-standard things in the check directory
Result: NOTE
    Found the following files/directories:
     'fichier_test.csv'
Flavors: r-devel-linux-x86_64-debian-clang, r-devel-linux-x86_64-debian-gcc, r-devel-linux-x86_64-fedora-clang, r-devel-linux-x86_64-fedora-gcc