Last updated on 2024-03-28 23:01:57 CET.
Flavor | Version | Tinstall | Tcheck | Ttotal | Status | Flags |
---|---|---|---|---|---|---|
r-devel-linux-x86_64-debian-clang | 1.0.0 | 7.68 | 110.45 | 118.13 | NOTE | |
r-devel-linux-x86_64-debian-gcc | 1.0.0 | 6.53 | 88.25 | 94.78 | NOTE | |
r-devel-linux-x86_64-fedora-clang | 1.0.0 | 147.95 | NOTE | |||
r-devel-linux-x86_64-fedora-gcc | 1.0.0 | 164.82 | NOTE | |||
r-devel-windows-x86_64 | 1.0.0 | 9.00 | 99.00 | 108.00 | NOTE | |
r-patched-linux-x86_64 | 1.0.0 | 6.64 | 109.28 | 115.92 | NOTE | |
r-release-linux-x86_64 | 1.0.0 | 8.65 | 108.92 | 117.57 | NOTE | |
r-release-macos-arm64 | 1.0.0 | 58.00 | NOTE | |||
r-release-macos-x86_64 | 1.0.0 | 94.00 | NOTE | |||
r-release-windows-x86_64 | 1.0.0 | 10.00 | 122.00 | 132.00 | NOTE | |
r-oldrel-macos-arm64 | 1.0.0 | 46.00 | NOTE | |||
r-oldrel-windows-x86_64 | 1.0.0 | 10.00 | 121.00 | 131.00 | NOTE |
Version: 1.0.0
Check: LazyData
Result: NOTE
'LazyData' is specified without a 'data' directory
Flavors: r-devel-linux-x86_64-debian-clang, r-devel-linux-x86_64-debian-gcc, r-devel-linux-x86_64-fedora-clang, r-devel-linux-x86_64-fedora-gcc, r-devel-windows-x86_64, r-patched-linux-x86_64, r-release-linux-x86_64, r-release-macos-arm64, r-release-macos-x86_64, r-release-windows-x86_64, r-oldrel-macos-arm64, r-oldrel-windows-x86_64
Version: 1.0.0
Check: dependencies in R code
Result: NOTE
Namespace in Imports field not imported from: ‘network’
All declared Imports should be used.
Flavors: r-devel-linux-x86_64-fedora-clang, r-devel-linux-x86_64-fedora-gcc, r-oldrel-macos-arm64