CRAN Package Check Results for Package SGPdata

Last updated on 2019-09-18 22:52:50 CEST.

Flavor Version Tinstall Tcheck Ttotal Status Flags
r-devel-linux-x86_64-debian-clang 21.0-0.0 12.87 40.35 53.22 OK
r-devel-linux-x86_64-debian-gcc 21.0-0.0 11.93 32.48 44.41 OK
r-devel-linux-x86_64-fedora-clang 21.0-0.0 70.10 NOTE
r-devel-linux-x86_64-fedora-gcc 21.0-0.0 68.00 OK
r-devel-windows-ix86+x86_64 21.0-0.0 25.00 51.00 76.00 NOTE
r-patched-linux-x86_64 21.0-0.0 13.93 38.47 52.40 OK
r-patched-solaris-x86 21.0-0.0 107.00 WARN
r-release-linux-x86_64 21.0-0.0 14.12 39.05 53.17 OK
r-release-windows-ix86+x86_64 21.0-0.0 25.00 48.00 73.00 NOTE
r-release-osx-x86_64 21.0-0.0 WARN
r-oldrel-windows-ix86+x86_64 21.0-0.0 15.00 51.00 66.00 NOTE
r-oldrel-osx-x86_64 21.0-0.0 WARN

Check Details

Version: 21.0-0.0
Check: installed package size
Result: NOTE
     installed size is 7.9Mb
     sub-directories of 1Mb or more:
     data 7.8Mb
Flavors: r-devel-linux-x86_64-fedora-clang, r-devel-windows-ix86+x86_64, r-patched-solaris-x86, r-release-windows-ix86+x86_64, r-release-osx-x86_64, r-oldrel-windows-ix86+x86_64, r-oldrel-osx-x86_64

Version: 21.0-0.0
Check: re-building of vignette outputs
Result: WARN
    Error(s) in re-building vignettes:
     ...
    --- re-building ‘SGPdata.Rmd’ using rmarkdown
    Warning in engine$weave(file, quiet = quiet, encoding = enc) :
     Pandoc (>= 1.12.3) and/or pandoc-citeproc not available. Falling back to R Markdown v1.
    Quitting from lines 13-28 (SGPdata.Rmd)
    Error: processing vignette 'SGPdata.Rmd' failed with diagnostics:
    argument is of length zero
    --- failed re-building ‘SGPdata.Rmd’
    
    SUMMARY: processing the following file failed:
     ‘SGPdata.Rmd’
    
    Error: Vignette re-building failed.
    Execution halted
Flavors: r-patched-solaris-x86, r-release-osx-x86_64

Version: 21.0-0.0
Check: re-building of vignette outputs
Result: WARN
    Error in re-building vignettes:
     ...
    Warning in engine$weave(file, quiet = quiet, encoding = enc) :
     Pandoc (>= 1.12.3) and/or pandoc-citeproc not available. Falling back to R Markdown v1.
    Quitting from lines 13-28 (SGPdata.Rmd)
    Error: processing vignette 'SGPdata.Rmd' failed with diagnostics:
    argument is of length zero
    Execution halted
Flavor: r-oldrel-osx-x86_64