CRAN Package Check Results for Package SI

Last updated on 2021-12-01 22:53:25 CET.

Flavor Version Tinstall Tcheck Ttotal Status Flags
r-devel-linux-x86_64-debian-clang 0.2.0 1.92 22.25 24.17 NOTE
r-devel-linux-x86_64-debian-gcc 0.2.0 1.53 17.68 19.21 NOTE
r-devel-linux-x86_64-fedora-clang 0.2.0 42.63 NOTE
r-devel-linux-x86_64-fedora-gcc 0.2.0 30.44 NOTE
r-devel-windows-x86_64-new-UL 0.2.0 6.00 59.00 65.00 NOTE
r-devel-windows-x86_64-new-TK 0.2.0 NOTE
r-devel-windows-x86_64-old 0.2.0 3.00 31.00 34.00 NOTE
r-patched-linux-x86_64 0.2.0 1.90 21.18 23.08 NOTE
r-patched-solaris-x86 0.2.0 47.70 NOTE
r-release-linux-x86_64 0.2.0 1.78 21.49 23.27 NOTE
r-release-macos-arm64 0.2.0 NOTE
r-release-macos-x86_64 0.2.0 NOTE
r-release-windows-ix86+x86_64 0.2.0 6.00 38.00 44.00 NOTE
r-oldrel-macos-x86_64 0.2.0 OK
r-oldrel-windows-ix86+x86_64 0.2.0 5.00 40.00 45.00 OK

Check Details

Version: 0.2.0
Check: LazyData
Result: NOTE
     'LazyData' is specified without a 'data' directory
Flavors: r-devel-linux-x86_64-debian-clang, r-devel-linux-x86_64-debian-gcc, r-devel-linux-x86_64-fedora-clang, r-devel-linux-x86_64-fedora-gcc, r-devel-windows-x86_64-new-UL, r-devel-windows-x86_64-new-TK, r-devel-windows-x86_64-old, r-patched-linux-x86_64, r-patched-solaris-x86, r-release-linux-x86_64, r-release-macos-arm64, r-release-macos-x86_64, r-release-windows-ix86+x86_64