CRAN Package Check Results for Package SIBER

Last updated on 2021-07-23 22:53:22 CEST.

Flavor Version Tinstall Tcheck Ttotal Status Flags
r-devel-linux-x86_64-debian-clang 2.1.6 11.98 401.95 413.93 OK
r-devel-linux-x86_64-debian-gcc 2.1.6 9.49 269.51 279.00 OK
r-devel-linux-x86_64-fedora-clang 2.1.6 492.59 OK
r-devel-linux-x86_64-fedora-gcc 2.1.6 484.71 OK
r-devel-windows-x86_64 2.1.6 17.00 311.00 328.00 OK
r-devel-windows-x86_64-gcc10-UCRT 2.1.6 OK
r-patched-linux-x86_64 2.1.6 11.97 365.69 377.66 OK
r-patched-solaris-x86 2.1.6 592.90 OK
r-release-linux-x86_64 2.1.6 12.54 364.94 377.48 OK
r-release-macos-arm64 2.1.6 ERROR
r-release-macos-x86_64 2.1.6 OK
r-release-windows-ix86+x86_64 2.1.6 28.00 442.00 470.00 OK
r-oldrel-macos-x86_64 2.1.6 OK
r-oldrel-windows-ix86+x86_64 2.1.6 30.00 447.00 477.00 OK

Check Details

Version: 2.1.6
Check: package dependencies
Result: ERROR
    Package required but not available: ‘rjags’
    
    See section ‘The DESCRIPTION file’ in the ‘Writing R Extensions’
    manual.
Flavor: r-release-macos-arm64