CRAN Package Check Results for Package SIMMS

Last updated on 2019-09-18 22:52:50 CEST.

Flavor Version Tinstall Tcheck Ttotal Status Flags
r-devel-linux-x86_64-debian-clang 1.2.0 9.44 88.15 97.59 NOTE
r-devel-linux-x86_64-debian-gcc 1.2.0 8.34 70.41 78.75 NOTE
r-devel-linux-x86_64-fedora-clang 1.2.0 117.48 NOTE
r-devel-linux-x86_64-fedora-gcc 1.2.0 116.32 NOTE
r-devel-windows-ix86+x86_64 1.2.0 27.00 100.00 127.00 OK
r-patched-linux-x86_64 1.2.0 8.41 86.11 94.52 OK
r-patched-solaris-x86 1.2.0 167.80 OK
r-release-linux-x86_64 1.2.0 7.51 87.64 95.15 OK
r-release-windows-ix86+x86_64 1.2.0 19.00 101.00 120.00 OK
r-release-osx-x86_64 1.2.0 OK
r-oldrel-windows-ix86+x86_64 1.2.0 9.00 91.00 100.00 OK
r-oldrel-osx-x86_64 1.2.0 OK

Check Details

Version: 1.2.0
Check: for non-standard things in the check directory
Result: NOTE
    Found the following files/directories:
     'graphs' 'output'
Flavors: r-devel-linux-x86_64-debian-clang, r-devel-linux-x86_64-debian-gcc, r-devel-linux-x86_64-fedora-clang, r-devel-linux-x86_64-fedora-gcc