Last updated on 2024-04-24 23:00:35 CEST.
Flavor | Version | Tinstall | Tcheck | Ttotal | Status | Flags |
---|---|---|---|---|---|---|
r-devel-linux-x86_64-debian-clang | 1.1.0 | 3.27 | 30.05 | 33.32 | OK | |
r-devel-linux-x86_64-debian-gcc | 1.1.0 | 2.39 | 22.95 | 25.34 | OK | |
r-devel-linux-x86_64-fedora-clang | 1.1.0 | 41.69 | NOTE | |||
r-devel-linux-x86_64-fedora-gcc | 1.1.0 | 39.64 | NOTE | |||
r-devel-windows-x86_64 | 1.1.0 | 4.00 | 44.00 | 48.00 | OK | |
r-patched-linux-x86_64 | 1.1.0 | 2.66 | 29.41 | 32.07 | OK | |
r-release-linux-x86_64 | 1.1.0 | 1.97 | 29.82 | 31.79 | OK | |
r-release-macos-arm64 | 1.1.0 | 19.00 | OK | |||
r-release-windows-x86_64 | 1.1.0 | 4.00 | 44.00 | 48.00 | OK | |
r-oldrel-macos-arm64 | 1.1.0 | 20.00 | NOTE | |||
r-oldrel-macos-x86_64 | 1.1.0 | 24.00 | OK | |||
r-oldrel-windows-x86_64 | 1.1.0 | 5.00 | 46.00 | 51.00 | OK |
Version: 1.1.0
Check: dependencies in R code
Result: NOTE
Namespaces in Imports field not imported from:
‘dplyr’ ‘magrittr’ ‘psych’ ‘stringr’
All declared Imports should be used.
Flavors: r-devel-linux-x86_64-fedora-clang, r-devel-linux-x86_64-fedora-gcc, r-oldrel-macos-arm64