CRAN Package Check Results for Package SIfEK

Last updated on 2020-02-21 22:51:22 CET.

Flavor Version Tinstall Tcheck Ttotal Status Flags
r-devel-linux-x86_64-debian-clang 0.1.0 5.82 49.14 54.96 NOTE
r-devel-linux-x86_64-debian-gcc 0.1.0 4.30 36.50 40.80 NOTE
r-devel-linux-x86_64-fedora-clang 0.1.0 64.11 NOTE
r-devel-linux-x86_64-fedora-gcc 0.1.0 63.12 NOTE
r-devel-windows-ix86+x86_64 0.1.0 7.00 53.00 60.00 OK
r-devel-windows-ix86+x86_64-gcc8 0.1.0 11.00 77.00 88.00 OK
r-patched-linux-x86_64 0.1.0 OK
r-patched-solaris-x86 0.1.0 80.20 OK
r-release-linux-x86_64 0.1.0 5.61 44.18 49.79 OK
r-release-windows-ix86+x86_64 0.1.0 6.00 55.00 61.00 OK
r-release-osx-x86_64 0.1.0 OK
r-oldrel-windows-ix86+x86_64 0.1.0 7.00 53.00 60.00 OK
r-oldrel-osx-x86_64 0.1.0 OK

Check Details

Version: 0.1.0
Check: for non-standard things in the check directory
Result: NOTE
    Found the following files/directories:
     'MM.csv' 'Simul.csv' 'catalytic.csv'
Flavors: r-devel-linux-x86_64-debian-clang, r-devel-linux-x86_64-debian-gcc, r-devel-linux-x86_64-fedora-clang, r-devel-linux-x86_64-fedora-gcc