CRAN Package Check Results for Package SIfEK

Last updated on 2019-09-22 22:46:58 CEST.

Flavor Version Tinstall Tcheck Ttotal Status Flags
r-devel-linux-x86_64-debian-clang 0.1.0 5.48 43.84 49.32 NOTE
r-devel-linux-x86_64-debian-gcc 0.1.0 3.39 33.46 36.85 NOTE
r-devel-linux-x86_64-fedora-clang 0.1.0 58.55 NOTE
r-devel-linux-x86_64-fedora-gcc 0.1.0 58.77 NOTE
r-devel-windows-ix86+x86_64 0.1.0 11.00 71.00 82.00 OK
r-patched-linux-x86_64 0.1.0 5.67 44.28 49.95 OK
r-patched-solaris-x86 0.1.0 75.70 OK
r-release-linux-x86_64 0.1.0 5.41 45.08 50.49 OK
r-release-windows-ix86+x86_64 0.1.0 10.00 77.00 87.00 OK
r-release-osx-x86_64 0.1.0 OK
r-oldrel-windows-ix86+x86_64 0.1.0 7.00 54.00 61.00 OK
r-oldrel-osx-x86_64 0.1.0 OK

Check Details

Version: 0.1.0
Check: for non-standard things in the check directory
Result: NOTE
    Found the following files/directories:
     'MM.csv' 'Simul.csv' 'catalytic.csv'
Flavors: r-devel-linux-x86_64-debian-clang, r-devel-linux-x86_64-debian-gcc, r-devel-linux-x86_64-fedora-clang, r-devel-linux-x86_64-fedora-gcc