CRAN Package Check Results for Package SLOPE

Last updated on 2021-08-04 22:55:34 CEST.

Flavor Version Tinstall Tcheck Ttotal Status Flags
r-devel-linux-x86_64-debian-clang 0.3.3 83.67 127.17 210.84 OK
r-devel-linux-x86_64-debian-gcc 0.3.3 64.16 95.78 159.94 OK
r-devel-linux-x86_64-fedora-clang 0.3.3 290.63 NOTE
r-devel-linux-x86_64-fedora-gcc 0.3.3 273.08 OK
r-devel-windows-x86_64 0.3.3 70.00 179.00 249.00 OK
r-devel-windows-x86_64-gcc10-UCRT 0.3.3 OK
r-patched-linux-x86_64 0.3.3 79.37 122.56 201.93 OK
r-patched-solaris-x86 0.3.3 347.70 OK
r-release-linux-x86_64 0.3.3 73.31 122.64 195.95 OK
r-release-macos-arm64 0.3.3 ERROR
r-release-macos-x86_64 0.3.3 NOTE
r-release-windows-ix86+x86_64 0.3.3 194.00 260.00 454.00 OK
r-oldrel-macos-x86_64 0.3.3 NOTE
r-oldrel-windows-ix86+x86_64 0.3.3 138.00 273.00 411.00 OK

Check Details

Version: 0.3.3
Check: installed package size
Result: NOTE
     installed size is 7.3Mb
     sub-directories of 1Mb or more:
     libs 6.8Mb
Flavors: r-devel-linux-x86_64-fedora-clang, r-release-macos-arm64, r-release-macos-x86_64, r-oldrel-macos-x86_64

Version: 0.3.3
Check: tests
Result: ERROR
     Running ‘spelling.R’ [0s/0s]
     Running ‘testthat.R’ [9s/10s]
    Running the tests in ‘tests/testthat.R’ failed.
    Last 13 lines of output:
     10. │ ├─graphics::plot(x, ...) setup.R:5:2
     11. │ └─lattice:::plot.trellis(x, ...)
     12. │ └─grid::pushViewport(...)
     13. │ └─base::lapply(vps, push.vp, recording)
     14. │ ├─grid:::FUN(X[[i]], ...)
     15. │ └─grid:::push.vp.viewport(X[[i]], ...)
     16. │ └─grid:::grid.Call.graphics(C_setviewport, vp, TRUE)
     17. └─(function (x) ...
     18. ├─grid::widthDetails(x)
     19. └─grid:::widthDetails.text(x)
     20. └─grid:::grid.Call(...)
    
     [ FAIL 1 | WARN 0 | SKIP 0 | PASS 90 ]
     Error: Test failures
     Execution halted
Flavor: r-release-macos-arm64

Version: 0.3.3
Check: re-building of vignette outputs
Result: WARN
    Error(s) in re-building vignettes:
     ...
    --- re-building ‘introduction.Rmd’ using rmarkdown
    Warning in engine$weave(file, quiet = quiet, encoding = enc) :
     Pandoc (>= 1.12.3) not available. Falling back to R Markdown v1.
    Quitting from lines 85-86 (introduction.Rmd)
    Error: processing vignette 'introduction.Rmd' failed with diagnostics:
    polygon edge not found
    --- failed re-building ‘introduction.Rmd’
    
    SUMMARY: processing the following file failed:
     ‘introduction.Rmd’
    
    Error: Vignette re-building failed.
    Execution halted
Flavor: r-release-macos-arm64