CRAN Package Check Results for Package SLOPE

Last updated on 2024-02-28 22:59:33 CET.

Flavor Version Tinstall Tcheck Ttotal Status Flags
r-devel-linux-x86_64-debian-clang 0.5.0 194.01 177.20 371.21 NOTE
r-devel-linux-x86_64-debian-gcc 0.5.0 148.55 123.50 272.05 NOTE
r-devel-linux-x86_64-fedora-clang 0.5.0 535.50 NOTE
r-devel-linux-x86_64-fedora-gcc 0.5.0 519.91 NOTE
r-devel-windows-x86_64 0.5.0 140.00 196.00 336.00 NOTE
r-patched-linux-x86_64 0.5.0 160.19 170.78 330.97 NOTE
r-release-linux-x86_64 0.5.0 187.36 168.90 356.26 NOTE
r-release-macos-arm64 0.5.0 147.00 NOTE
r-release-macos-x86_64 0.5.0 236.00 NOTE
r-release-windows-x86_64 0.5.0 183.00 225.00 408.00 NOTE
r-oldrel-macos-arm64 0.5.0 131.00 NOTE
r-oldrel-windows-x86_64 0.5.0 179.00 226.00 405.00 OK

Check Details

Version: 0.5.0
Check: C++ specification
Result: NOTE Specified C++11: please drop specification unless essential Flavors: r-devel-linux-x86_64-debian-clang, r-devel-linux-x86_64-debian-gcc, r-devel-linux-x86_64-fedora-clang, r-devel-linux-x86_64-fedora-gcc, r-devel-windows-x86_64, r-patched-linux-x86_64, r-release-linux-x86_64, r-release-macos-arm64, r-release-macos-x86_64, r-release-windows-x86_64

Version: 0.5.0
Check: dependencies in R code
Result: NOTE Namespaces in Imports field not imported from: ‘checkmate’ ‘glmnet’ ‘mice’ All declared Imports should be used. Flavors: r-devel-linux-x86_64-fedora-clang, r-devel-linux-x86_64-fedora-gcc, r-oldrel-macos-arm64

Version: 0.5.0
Check: installed package size
Result: NOTE installed size is 9.4Mb sub-directories of 1Mb or more: libs 8.9Mb Flavors: r-release-macos-arm64, r-release-macos-x86_64, r-oldrel-macos-arm64

Version: 0.5.0
Check: package dependencies
Result: NOTE Package suggested but not available for checking: ‘caret’ Flavor: r-release-macos-x86_64

Version: 0.5.0
Check: Rd cross-references
Result: NOTE Package unavailable to check Rd xrefs: ‘caret’ Flavor: r-release-macos-x86_64