CRAN Package Check Results for Package SMFilter

Last updated on 2021-12-06 21:51:28 CET.

Flavor Version Tinstall Tcheck Ttotal Status Flags
r-devel-linux-x86_64-debian-clang 1.0.3 3.03 56.29 59.32 NOTE
r-devel-linux-x86_64-debian-gcc 1.0.3 2.26 42.46 44.72 NOTE
r-devel-linux-x86_64-fedora-clang 1.0.3 71.98 NOTE
r-devel-linux-x86_64-fedora-gcc 1.0.3 64.83 NOTE
r-devel-windows-x86_64-new-UL 1.0.3 9.00 87.00 96.00 NOTE
r-devel-windows-x86_64-new-TK 1.0.3 NOTE
r-devel-windows-x86_64-old 1.0.3 6.00 52.00 58.00 NOTE
r-patched-linux-x86_64 1.0.3 2.93 47.47 50.40 NOTE
r-release-linux-x86_64 1.0.3 2.79 54.99 57.78 NOTE
r-release-macos-arm64 1.0.3 NOTE
r-release-macos-x86_64 1.0.3 NOTE
r-release-windows-ix86+x86_64 1.0.3 7.00 68.00 75.00 NOTE
r-oldrel-macos-x86_64 1.0.3 OK
r-oldrel-windows-ix86+x86_64 1.0.3 7.00 68.00 75.00 OK

Check Details

Version: 1.0.3
Check: LazyData
Result: NOTE
     'LazyData' is specified without a 'data' directory
Flavors: r-devel-linux-x86_64-debian-clang, r-devel-linux-x86_64-debian-gcc, r-devel-linux-x86_64-fedora-clang, r-devel-linux-x86_64-fedora-gcc, r-devel-windows-x86_64-new-UL, r-devel-windows-x86_64-new-TK, r-devel-windows-x86_64-old, r-patched-linux-x86_64, r-release-linux-x86_64, r-release-macos-arm64, r-release-macos-x86_64, r-release-windows-ix86+x86_64