CRAN Package Check Results for Package SPARSEMODr

Last updated on 2021-07-29 00:49:26 CEST.

Flavor Version Tinstall Tcheck Ttotal Status Flags
r-devel-linux-x86_64-debian-clang 1.1.0 OK
r-devel-linux-x86_64-debian-gcc 1.1.0 18.51 112.84 131.35 OK
r-devel-linux-x86_64-fedora-clang 1.1.0 230.66 NOTE
r-devel-linux-x86_64-fedora-gcc 1.1.0 216.06 NOTE
r-devel-windows-x86_64 1.1.0 57.00 260.00 317.00 OK
r-devel-windows-x86_64-gcc10-UCRT 1.1.0 FAIL
r-patched-linux-x86_64 1.1.0 29.25 147.48 176.73 OK
r-patched-solaris-x86 1.1.0 595.10 NOTE
r-release-linux-x86_64 1.1.0 22.78 147.86 170.64 OK
r-release-macos-arm64 1.1.0 WARN
r-release-macos-x86_64 1.1.0 NOTE
r-release-windows-ix86+x86_64 1.1.0 69.00 276.00 345.00 OK
r-oldrel-macos-x86_64 1.1.0 NOTE
r-oldrel-windows-ix86+x86_64 1.1.0 73.00 291.00 364.00 OK

Check Details

Version: 1.1.0
Check: dependencies in R code
Result: NOTE
    Namespaces in Imports field not imported from:
     ‘future’ ‘geosphere’ ‘lubridate’ ‘tidyverse’ ‘viridis’
     All declared Imports should be used.
Flavors: r-devel-linux-x86_64-fedora-clang, r-devel-linux-x86_64-fedora-gcc, r-devel-windows-x86_64-gcc10-UCRT, r-patched-solaris-x86, r-release-macos-arm64, r-release-macos-x86_64, r-oldrel-macos-x86_64

Version: 1.1.0
Check: re-building of vignette outputs
Result: FAIL
Flavor: r-devel-windows-x86_64-gcc10-UCRT

Version: 1.1.0
Check: re-building of vignette outputs
Result: WARN
    Error(s) in re-building vignettes:
    --- re-building ‘covid-19-model-vary-hosp.Rmd’ using rmarkdown
    Warning in engine$weave(file, quiet = quiet, encoding = enc) :
     Pandoc (>= 1.12.3) not available. Falling back to R Markdown v1.
    Loading required package: future
    ── Attaching packages ─────────────────────────────────────── tidyverse 1.3.1 ──
    ✔ ggplot2 3.3.5 ✔ purrr 0.3.4
    ✔ tibble 3.1.3 ✔ dplyr 1.0.7
    ✔ tidyr 1.1.3 ✔ stringr 1.4.0
    ✔ readr 2.0.0 ✔ forcats 0.5.1
    ── Conflicts ────────────────────────────────────────── tidyverse_conflicts() ──
    ✖ dplyr::filter() masks stats::filter()
    ✖ dplyr::lag() masks stats::lag()
    Loading required package: viridisLite
    
    Attaching package: 'lubridate'
    
    The following objects are masked from 'package:base':
    
     date, intersect, setdiff, union
    
    Quitting from lines 40-109 (covid-19-model-vary-hosp.Rmd)
    Error: processing vignette 'covid-19-model-vary-hosp.Rmd' failed with diagnostics:
    polygon edge not found
    --- failed re-building ‘covid-19-model-vary-hosp.Rmd’
    
    --- re-building ‘covid-19-model.Rmd’ using rmarkdown
    Warning in engine$weave(file, quiet = quiet, encoding = enc) :
     Pandoc (>= 1.12.3) not available. Falling back to R Markdown v1.
    Loading required package: future
    ── Attaching packages ─────────────────────────────────────── tidyverse 1.3.1 ──
    ✔ ggplot2 3.3.5 ✔ purrr 0.3.4
    ✔ tibble 3.1.3 ✔ dplyr 1.0.7
    ✔ tidyr 1.1.3 ✔ stringr 1.4.0
    ✔ readr 2.0.0 ✔ forcats 0.5.1
    ── Conflicts ────────────────────────────────────────── tidyverse_conflicts() ──
    ✖ dplyr::filter() masks stats::filter()
    ✖ dplyr::lag() masks stats::lag()
    Loading required package: viridisLite
    
    Attaching package: 'lubridate'
    
    The following objects are masked from 'package:base':
    
     date, intersect, setdiff, union
    
    Quitting from lines 40-137 (covid-19-model.Rmd)
    Error: processing vignette 'covid-19-model.Rmd' failed with diagnostics:
    polygon edge not found
    --- failed re-building ‘covid-19-model.Rmd’
    
    --- re-building ‘key-features.Rmd’ using rmarkdown
    Warning in engine$weave(file, quiet = quiet, encoding = enc) :
     Pandoc (>= 1.12.3) not available. Falling back to R Markdown v1.
    ── Attaching packages ─────────────────────────────────────── tidyverse 1.3.1 ──
    ✔ ggplot2 3.3.5 ✔ purrr 0.3.4
    ✔ tibble 3.1.3 ✔ dplyr 1.0.7
    ✔ tidyr 1.1.3 ✔ stringr 1.4.0
    ✔ readr 2.0.0 ✔ forcats 0.5.1
    ── Conflicts ────────────────────────────────────────── tidyverse_conflicts() ──
    ✖ dplyr::filter() masks stats::filter()
    ✖ dplyr::lag() masks stats::lag()
    Loading required package: viridisLite
    
    Attaching package: 'lubridate'
    
    The following objects are masked from 'package:base':
    
     date, intersect, setdiff, union
    
    Quitting from lines 49-107 (key-features.Rmd)
    Error: processing vignette 'key-features.Rmd' failed with diagnostics:
    polygon edge not found
    --- failed re-building ‘key-features.Rmd’
    
    --- re-building ‘seir-model.Rmd’ using rmarkdown
    Warning in engine$weave(file, quiet = quiet, encoding = enc) :
     Pandoc (>= 1.12.3) not available. Falling back to R Markdown v1.
    Loading required package: future
    ── Attaching packages ─────────────────────────────────────── tidyverse 1.3.1 ──
    ✔ ggplot2 3.3.5 ✔ purrr 0.3.4
    ✔ tibble 3.1.3 ✔ dplyr 1.0.7
    ✔ tidyr 1.1.3 ✔ stringr 1.4.0
    ✔ readr 2.0.0 ✔ forcats 0.5.1
    ── Conflicts ────────────────────────────────────────── tidyverse_conflicts() ──
    ✖ dplyr::filter() masks stats::filter()
    ✖ dplyr::lag() masks stats::lag()
    Loading required package: viridisLite
    
    Attaching package: 'lubridate'
    
    The following objects are masked from 'package:base':
    
     date, intersect, setdiff, union
    
    Quitting from lines 51-120 (seir-model.Rmd)
    Error: processing vignette 'seir-model.Rmd' failed with diagnostics:
    polygon edge not found
    --- failed re-building ‘seir-model.Rmd’
    
    SUMMARY: processing the following files failed:
     ‘covid-19-model-vary-hosp.Rmd’ ‘covid-19-model.Rmd’
     ‘key-features.Rmd’ ‘seir-model.Rmd’
    
    Error: Vignette re-building failed.
    Execution halted
Flavor: r-release-macos-arm64