Last updated on 2023-09-24 22:59:53 CEST.
Flavor | Version | Tinstall | Tcheck | Ttotal | Status | Flags |
---|---|---|---|---|---|---|
r-devel-linux-x86_64-debian-clang | 0.1.1 | 25.42 | 356.44 | 381.86 | OK | |
r-devel-linux-x86_64-debian-gcc | 0.1.1 | 19.28 | 260.25 | 279.53 | OK | |
r-devel-linux-x86_64-fedora-clang | 0.1.1 | 456.68 | OK | |||
r-devel-linux-x86_64-fedora-gcc | 0.1.1 | 519.99 | OK | |||
r-devel-windows-x86_64 | 0.1.1 | 22.00 | 289.00 | 311.00 | OK | |
r-patched-linux-x86_64 | 0.1.1 | 22.51 | 344.16 | 366.67 | OK | |
r-release-linux-x86_64 | 0.1.1 | 16.69 | 345.57 | 362.26 | OK | |
r-release-macos-arm64 | 0.1.1 | 160.00 | OK | |||
r-release-macos-x86_64 | 0.1.1 | 263.00 | NOTE | |||
r-release-windows-x86_64 | 0.1.1 | 31.00 | 350.00 | 381.00 | OK | |
r-oldrel-macos-arm64 | 0.1.1 | 154.00 | OK | |||
r-oldrel-macos-x86_64 | 0.1.1 | 189.00 | OK | |||
r-oldrel-windows-x86_64 | 0.1.1 | 31.00 | 351.00 | 382.00 | OK |
Version: 0.1.1
Check: installed package size
Result: NOTE
installed size is 5.4Mb
sub-directories of 1Mb or more:
data 4.8Mb
Flavor: r-release-macos-x86_64