CRAN Package Check Results for Package SPOT

Last updated on 2020-02-21 22:51:23 CET.

Flavor Version Tinstall Tcheck Ttotal Status Flags
r-devel-linux-x86_64-debian-clang 2.0.5 15.15 358.84 373.99 OK
r-devel-linux-x86_64-debian-gcc 2.0.5 12.39 260.41 272.80 OK
r-devel-linux-x86_64-fedora-clang 2.0.5 417.04 OK
r-devel-linux-x86_64-fedora-gcc 2.0.5 403.76 OK
r-devel-windows-ix86+x86_64 2.0.5 29.00 337.00 366.00 OK
r-devel-windows-ix86+x86_64-gcc8 2.0.5 44.00 441.00 485.00 OK
r-patched-linux-x86_64 2.0.5 OK
r-patched-solaris-x86 2.0.5 482.90 OK
r-release-linux-x86_64 2.0.5 12.40 298.51 310.91 OK
r-release-windows-ix86+x86_64 2.0.5 3.00 6.00 9.00 ERROR
r-release-osx-x86_64 2.0.5 OK
r-oldrel-windows-ix86+x86_64 2.0.5 18.00 344.00 362.00 ERROR
r-oldrel-osx-x86_64 2.0.5 ERROR

Check Details

Version: 2.0.5
Check: whether package can be installed
Result: ERROR
    Installation failed.
Flavor: r-release-windows-ix86+x86_64

Version: 2.0.5
Check: tests
Result: ERROR
     Running 'testthat.R' [208s]
    Running the tests in 'tests/testthat.R' failed.
    Complete output:
     > library(testthat)
     > library(SPOT)
     >
     > options(spot.run.full.test = F)
     >
     > test_check("SPOT")
     -- 1. Failure: check that infillExpectedImprovement has same result as target=ei
     !all(resA$x == resC$x) isn't true.
    
     == testthat results ===========================================================
     [ OK: 94 | SKIPPED: 1 | WARNINGS: 0 | FAILED: 1 ]
     1. Failure: check that infillExpectedImprovement has same result as target=ei (@test.infillExpectedImprovement.R#25)
    
     Error: testthat unit tests failed
     Execution halted
Flavor: r-oldrel-windows-ix86+x86_64

Version: 2.0.5
Check: tests
Result: ERROR
     Running ‘testthat.R’ [150s/150s]
    Running the tests in ‘tests/testthat.R’ failed.
    Last 13 lines of output:
     > library(testthat)
     > library(SPOT)
     >
     > options(spot.run.full.test = F)
     >
     > test_check("SPOT")
     ── 1. Failure: check that infillExpectedImprovement has same result as target=ei
     !all(resA$x == resC$x) isn't true.
    
     ══ testthat results ═══════════════════════════════════════════════════════════
     [ OK: 94 | SKIPPED: 1 | WARNINGS: 0 | FAILED: 1 ]
     1. Failure: check that infillExpectedImprovement has same result as target=ei (@test.infillExpectedImprovement.R#25)
    
     Error: testthat unit tests failed
     Execution halted
Flavor: r-oldrel-osx-x86_64