Last updated on 2024-04-24 23:00:36 CEST.
Flavor | Version | Tinstall | Tcheck | Ttotal | Status | Flags |
---|---|---|---|---|---|---|
r-devel-linux-x86_64-debian-clang | 1.2 | 37.72 | 29.08 | 66.80 | NOTE | |
r-devel-linux-x86_64-debian-gcc | 1.2 | 30.05 | 22.16 | 52.21 | NOTE | |
r-devel-linux-x86_64-fedora-clang | 1.2 | 101.74 | NOTE | |||
r-devel-linux-x86_64-fedora-gcc | 1.2 | 94.89 | NOTE | |||
r-devel-windows-x86_64 | 1.2 | 33.00 | 67.00 | 100.00 | NOTE | |
r-patched-linux-x86_64 | 1.2 | 39.43 | 28.10 | 67.53 | NOTE | |
r-release-linux-x86_64 | 1.2 | 37.71 | 27.27 | 64.98 | NOTE | |
r-release-macos-arm64 | 1.2 | 27.00 | NOTE | |||
r-release-windows-x86_64 | 1.2 | 32.00 | 60.00 | 92.00 | NOTE | |
r-oldrel-macos-arm64 | 1.2 | 30.00 | OK | |||
r-oldrel-macos-x86_64 | 1.2 | 43.00 | NOTE | |||
r-oldrel-windows-x86_64 | 1.2 | 40.00 | 70.00 | 110.00 | NOTE |
Version: 1.2
Check: C++ specification
Result: NOTE
Specified C++11: please drop specification unless essential
Flavors: r-devel-linux-x86_64-debian-clang, r-devel-linux-x86_64-debian-gcc, r-devel-linux-x86_64-fedora-clang, r-devel-linux-x86_64-fedora-gcc, r-devel-windows-x86_64, r-patched-linux-x86_64, r-release-linux-x86_64, r-release-macos-arm64, r-release-windows-x86_64, r-oldrel-macos-x86_64, r-oldrel-windows-x86_64