CRAN Package Check Results for Package SPlit

Last updated on 2021-07-31 22:53:51 CEST.

Flavor Version Tinstall Tcheck Ttotal Status Flags
r-devel-linux-x86_64-debian-clang 1.0 41.11 26.61 67.72 NOTE
r-devel-linux-x86_64-debian-gcc 1.0 25.32 21.67 46.99 NOTE
r-devel-linux-x86_64-fedora-clang 1.0 102.10 NOTE
r-devel-linux-x86_64-fedora-gcc 1.0 82.80 NOTE
r-devel-windows-x86_64 1.0 35.00 53.00 88.00 NOTE
r-devel-windows-x86_64-gcc10-UCRT 1.0 NOTE
r-patched-linux-x86_64 1.0 NOTE
r-patched-solaris-x86 1.0 94.90 NOTE
r-release-linux-x86_64 1.0 33.97 26.19 60.16 NOTE
r-release-macos-arm64 1.0 NOTE
r-release-macos-x86_64 1.0 NOTE
r-release-windows-ix86+x86_64 1.0 93.00 54.00 147.00 NOTE
r-oldrel-macos-x86_64 1.0 OK
r-oldrel-windows-ix86+x86_64 1.0 72.00 75.00 147.00 OK

Check Details

Version: 1.0
Check: LazyData
Result: NOTE
     'LazyData' is specified without a 'data' directory
Flavors: r-devel-linux-x86_64-debian-clang, r-devel-linux-x86_64-debian-gcc, r-devel-linux-x86_64-fedora-clang, r-devel-linux-x86_64-fedora-gcc, r-devel-windows-x86_64, r-devel-windows-x86_64-gcc10-UCRT, r-patched-linux-x86_64, r-patched-solaris-x86, r-release-linux-x86_64, r-release-macos-arm64, r-release-macos-x86_64, r-release-windows-ix86+x86_64